{"id":2881,"date":"2021-04-25T06:13:35","date_gmt":"2021-04-25T06:13:35","guid":{"rendered":"https:\/\/sociedadhispanoalemana.com\/?page_id=2881"},"modified":"2021-04-26T19:14:15","modified_gmt":"2021-04-26T19:14:15","slug":"recital-de-poesia","status":"publish","type":"page","link":"https:\/\/sociedadhispanoalemana.com\/de\/recital-de-poesia","title":{"rendered":"Recital de poes\u00eda"},"content":{"rendered":"<div data-elementor-type=\"wp-page\" data-elementor-id=\"2881\" class=\"elementor elementor-2881\" data-elementor-post-type=\"page\">\n\t\t\t\t\t\t\t\t\t<section class=\"elementor-section elementor-top-section elementor-element elementor-element-42d321a0 elementor-section-boxed elementor-section-height-default elementor-section-height-default\" data-id=\"42d321a0\" data-element_type=\"section\" data-settings=\"{&quot;background_background&quot;:&quot;classic&quot;}\">\n\t\t\t\t\t\t\t<div class=\"elementor-background-overlay\"><\/div>\n\t\t\t\t\t\t\t<div class=\"elementor-container elementor-column-gap-default\">\n\t\t\t\t\t<div class=\"elementor-column elementor-col-100 elementor-top-column elementor-element elementor-element-4c35185c\" data-id=\"4c35185c\" data-element_type=\"column\">\n\t\t\t<div class=\"elementor-widget-wrap elementor-element-populated\">\n\t\t\t\t\t\t\t\t<div class=\"elementor-element elementor-element-72fdf841 elementor-widget elementor-widget-heading\" data-id=\"72fdf841\" data-element_type=\"widget\" data-widget_type=\"heading.default\">\n\t\t\t\t<div class=\"elementor-widget-container\">\n\t\t\t<h1 class=\"elementor-heading-title elementor-size-default\">Recital De poes\u00eda<\/h1>\t\t<\/div>\n\t\t\t\t<\/div>\n\t\t\t\t\t<\/div>\n\t\t<\/div>\n\t\t\t\t\t\t\t<\/div>\n\t\t<\/section>\n\t\t\t\t<section class=\"elementor-section elementor-top-section elementor-element elementor-element-4475ba89 elementor-reverse-mobile elementor-section-boxed elementor-section-height-default elementor-section-height-default\" data-id=\"4475ba89\" data-element_type=\"section\">\n\t\t\t\t\t\t<div class=\"elementor-container elementor-column-gap-no\">\n\t\t\t\t\t<div class=\"elementor-column elementor-col-100 elementor-top-column elementor-element elementor-element-1405683c\" data-id=\"1405683c\" data-element_type=\"column\">\n\t\t\t<div class=\"elementor-widget-wrap elementor-element-populated\">\n\t\t\t\t\t\t\t\t<div class=\"elementor-element elementor-element-1762076f elementor-widget elementor-widget-heading\" data-id=\"1762076f\" data-element_type=\"widget\" data-widget_type=\"heading.default\">\n\t\t\t\t<div class=\"elementor-widget-container\">\n\t\t\t<h2 class=\"elementor-heading-title elementor-size-default\">Poes\u00eda Hispano-Alemana sig. xx y xxi<\/h2>\t\t<\/div>\n\t\t\t\t<\/div>\n\t\t\t\t<div class=\"elementor-element elementor-element-59f8c2d4 elementor-widget elementor-widget-text-editor\" data-id=\"59f8c2d4\" data-element_type=\"widget\" data-widget_type=\"text-editor.default\">\n\t\t\t\t<div class=\"elementor-widget-container\">\n\t\t\t\t\t\t\t<p style=\"text-align: center;\">Os invitamos el pr\u00f3ximo viernes 30 de abril en <a href=\"http:\/\/www.pamplonaescultura.es\/places\/civivox-condestable\/\">Civivox Condestable<\/a>\u00a0a las 19 horas.<\/p><p>Un recital de poes\u00eda organizado en colaboraci\u00f3n con la Asociaci\u00f3n Navarra de Escritores-Nafar Idazleen Elkartea, con fascinantes obras de autores provenientes de Alemania, Espa\u00f1a, Suiza y B\u00e9lgica y acompa\u00f1ados musicalmente por el Tr\u00edo Eslava.<\/p><div class=\"t pg-1m0 pg-1x4 pg-1h3 pg-1y7 pg-1ff2 pg-1fs1 pg-1fc1 pg-1sc0 pg-1ls0 pg-1ws0\"><div class=\"t pg-1m0 pg-1x4 pg-1h3 pg-1y4 pg-1ff2 pg-1fs1 pg-1fc1 pg-1sc0 pg-1ls0 pg-1ws0\">Recitan:<\/div><div class=\"t pg-1m0 pg-1x2 pg-1h3 pg-1y5 pg-1ff2 pg-1fs1 pg-1fc1 pg-1sc0 pg-1ls0 pg-1ws0\"><strong>Adam Kuffer, Bettina Melcher, Klaus Mestern,\u00a0<\/strong><strong style=\"font-size: 16px;\">Koldo Pla, Silvia Marambio, Tas\u00fas Burguete.<\/strong><\/div><div>Acompa\u00f1amiento musical: <strong>Tr\u00edo Eslava<\/strong><\/div><div class=\"t pg-1m0 pg-1x4 pg-1h3 pg-1yd pg-1ff2 pg-1fs1 pg-1fc1 pg-1sc0 pg-1ls0 pg-1ws0\">\u00a0<\/div><\/div>\t\t\t\t\t\t<\/div>\n\t\t\t\t<\/div>\n\t\t\t\t\t<\/div>\n\t\t<\/div>\n\t\t\t\t\t\t\t<\/div>\n\t\t<\/section>\n\t\t\t\t<section class=\"elementor-section elementor-top-section elementor-element elementor-element-5ef41c1 elementor-section-boxed elementor-section-height-default elementor-section-height-default\" data-id=\"5ef41c1\" data-element_type=\"section\">\n\t\t\t\t\t\t<div class=\"elementor-container elementor-column-gap-default\">\n\t\t\t\t\t<div class=\"elementor-column elementor-col-100 elementor-top-column elementor-element elementor-element-cab18df\" data-id=\"cab18df\" data-element_type=\"column\">\n\t\t\t<div class=\"elementor-widget-wrap elementor-element-populated\">\n\t\t\t\t\t\t\t\t<div class=\"elementor-element elementor-element-7491da7 elementor-widget elementor-widget-image\" data-id=\"7491da7\" data-element_type=\"widget\" data-widget_type=\"image.default\">\n\t\t\t\t<div class=\"elementor-widget-container\">\n\t\t\t\t\t\t\t\t\t\t\t\t\t\t\t<img loading=\"lazy\" decoding=\"async\" width=\"1024\" height=\"1024\" src=\"https:\/\/sociedadhispanoalemana.com\/wp-content\/uploads\/2021\/04\/Poesia-Hispano-Alemana-1024x1024.png\" class=\"attachment-large size-large wp-image-2878\" alt=\"\" srcset=\"https:\/\/sociedadhispanoalemana.com\/wp-content\/uploads\/2021\/04\/Poesia-Hispano-Alemana-1024x1024.png 1024w, https:\/\/sociedadhispanoalemana.com\/wp-content\/uploads\/2021\/04\/Poesia-Hispano-Alemana-300x300.png 300w, https:\/\/sociedadhispanoalemana.com\/wp-content\/uploads\/2021\/04\/Poesia-Hispano-Alemana-150x150.png 150w, https:\/\/sociedadhispanoalemana.com\/wp-content\/uploads\/2021\/04\/Poesia-Hispano-Alemana-768x768.png 768w, https:\/\/sociedadhispanoalemana.com\/wp-content\/uploads\/2021\/04\/Poesia-Hispano-Alemana-12x12.png 12w, https:\/\/sociedadhispanoalemana.com\/wp-content\/uploads\/2021\/04\/Poesia-Hispano-Alemana.png 1080w\" sizes=\"auto, (max-width: 1024px) 100vw, 1024px\" \/>\t\t\t\t\t\t\t\t\t\t\t\t\t\t\t<\/div>\n\t\t\t\t<\/div>\n\t\t\t\t\t<\/div>\n\t\t<\/div>\n\t\t\t\t\t\t\t<\/div>\n\t\t<\/section>\n\t\t\t\t<section class=\"elementor-section elementor-top-section elementor-element elementor-element-2471808 elementor-section-boxed elementor-section-height-default elementor-section-height-default\" data-id=\"2471808\" data-element_type=\"section\">\n\t\t\t\t\t\t<div class=\"elementor-container elementor-column-gap-default\">\n\t\t\t\t\t<div class=\"elementor-column elementor-col-100 elementor-top-column elementor-element elementor-element-4d1edea\" data-id=\"4d1edea\" data-element_type=\"column\">\n\t\t\t<div class=\"elementor-widget-wrap elementor-element-populated\">\n\t\t\t\t\t\t\t\t<div class=\"elementor-element elementor-element-98277eb elementor-widget elementor-widget-text-editor\" data-id=\"98277eb\" data-element_type=\"widget\" data-widget_type=\"text-editor.default\">\n\t\t\t\t<div class=\"elementor-widget-container\">\n\t\t\t\t\t\t\t<table border=\"0\" width=\"100%\" cellspacing=\"0\" cellpadding=\"0\"><tbody><tr><td class=\"yiv2202041902mceSpacing-24\" valign=\"top\"><div class=\"yiv2202041902mceText\"><p class=\"yiv2202041902last-child\">Entre los poetas elegidos encontramos a Peter R\u00fchmkorf, Chantal Maillard, Andreas Altmann, Ana Rosetti, Antonio Colinas, Nico Bleutge, Gerhard Falkner, Hilde Domin, Jaime Siles und Mascha Kaleko.<\/p><\/div><\/td><\/tr><tr><td class=\"yiv2202041902mceSpacing-24\" valign=\"top\"><div class=\"yiv2202041902mceText\"><p>l Tr\u00edo Eslava nos degustar\u00e1 musicalmente con obras de Jules Massenet, Hans Zimmer, Joan Manuel Serrat, Carlos Gardel entre otros.<\/p><p>Die meisten Rezepte sind einfach nachzukochen, allerdings ben\u00f6tigen Sie dazu manchmal vielleicht Zutaten, die man au\u00dferhalb Nordspaniens nicht kennt. Darauf sind wir zu Beginn dieses Buches ausf\u00fchrlicher eingegangen.\u00a0<strong>entrada es libre<\/strong>\u00a0<strong>con inscripci\u00f3n previa<\/strong>\u00a0en: info@sociedadhispanoalemana.com hasta completar el aforo permitido.<\/p><p class=\"yiv2202041902last-child\">El evento se realizar\u00e1 conforme la normativa vigente de las medidas contra el COVID-19 en Navarra.<\/p><\/div><\/td><\/tr><tr><td class=\"yiv2202041902mceSpacing-24\" valign=\"top\"><div class=\"yiv2202041902mceText\"><p><strong>Nuestro evento se transmitir\u00e1 en vivo a trav\u00e9s de Instagram: @escritoresnavarros<\/strong><\/p><\/div><\/td><\/tr><\/tbody><\/table>\t\t\t\t\t\t<\/div>\n\t\t\t\t<\/div>\n\t\t\t\t<div class=\"elementor-element elementor-element-9f934be elementor-widget elementor-widget-heading\" data-id=\"9f934be\" data-element_type=\"widget\" data-widget_type=\"heading.default\">\n\t\t\t\t<div class=\"elementor-widget-container\">\n\t\t\t<h4 class=\"elementor-heading-title elementor-size-default\">Entrada libre con inscripci\u00f3n previa en:info@sociedadhispanoalemana.com<\/h4>\t\t<\/div>\n\t\t\t\t<\/div>\n\t\t\t\t\t<\/div>\n\t\t<\/div>\n\t\t\t\t\t\t\t<\/div>\n\t\t<\/section>\n\t\t\t\t<section class=\"elementor-section elementor-top-section elementor-element elementor-element-cf6bb6a elementor-section-boxed elementor-section-height-default elementor-section-height-default\" data-id=\"cf6bb6a\" data-element_type=\"section\">\n\t\t\t\t\t\t<div class=\"elementor-container elementor-column-gap-default\">\n\t\t\t\t\t<div class=\"elementor-column elementor-col-100 elementor-top-column elementor-element elementor-element-d1a4095\" data-id=\"d1a4095\" data-element_type=\"column\">\n\t\t\t<div class=\"elementor-widget-wrap elementor-element-populated\">\n\t\t\t\t\t\t\t\t<div class=\"elementor-element elementor-element-3038dc5 elementor-widget elementor-widget-heading\" data-id=\"3038dc5\" data-element_type=\"widget\" data-widget_type=\"heading.default\">\n\t\t\t\t<div class=\"elementor-widget-container\">\n\t\t\t<h2 class=\"elementor-heading-title elementor-size-default\"><a href=\"http:\/\/@escritoresnavarros\">Disfrutalo tambien online en instagram: @escritoresnavarros<\/a><\/h2>\t\t<\/div>\n\t\t\t\t<\/div>\n\t\t\t\t\t<\/div>\n\t\t<\/div>\n\t\t\t\t\t\t\t<\/div>\n\t\t<\/section>\n\t\t\t\t\t\t\t<\/div>","protected":false},"excerpt":{"rendered":"<p>Recital De poes\u00eda Poes\u00eda Hispano-Alemana sig. xx y xxi Os invitamos el pr\u00f3ximo viernes 30 de abril en Civivox Condestable\u00a0a las 19 horas. Un recital de poes\u00eda organizado en colaboraci\u00f3n [&hellip;]<\/p>","protected":false},"author":1,"featured_media":2878,"parent":0,"menu_order":0,"comment_status":"closed","ping_status":"closed","template":"elementor_header_footer","meta":{"_seopress_robots_primary_cat":"","site-sidebar-layout":"no-sidebar","site-content-layout":"page-builder","ast-site-content-layout":"","site-content-style":"default","site-sidebar-style":"default","ast-global-header-display":"","ast-banner-title-visibility":"","ast-main-header-display":"","ast-hfb-above-header-display":"","ast-hfb-below-header-display":"","ast-hfb-mobile-header-display":"","site-post-title":"disabled","ast-breadcrumbs-content":"","ast-featured-img":"disabled","footer-sml-layout":"","theme-transparent-header-meta":"enabled","adv-header-id-meta":"","stick-header-meta":"","header-above-stick-meta":"","header-main-stick-meta":"","header-below-stick-meta":"","astra-migrate-meta-layouts":"default","ast-page-background-enabled":"default","ast-page-background-meta":{"desktop":{"background-color":"","background-image":"","background-repeat":"repeat","background-position":"center center","background-size":"auto","background-attachment":"scroll","background-type":"","background-media":"","overlay-type":"","overlay-color":"","overlay-opacity":"","overlay-gradient":""},"tablet":{"background-color":"","background-image":"","background-repeat":"repeat","background-position":"center center","background-size":"auto","background-attachment":"scroll","background-type":"","background-media":"","overlay-type":"","overlay-color":"","overlay-opacity":"","overlay-gradient":""},"mobile":{"background-color":"","background-image":"","background-repeat":"repeat","background-position":"center center","background-size":"auto","background-attachment":"scroll","background-type":"","background-media":"","overlay-type":"","overlay-color":"","overlay-opacity":"","overlay-gradient":""}},"ast-content-background-meta":{"desktop":{"background-color":"var(--ast-global-color-5)","background-image":"","background-repeat":"repeat","background-position":"center center","background-size":"auto","background-attachment":"scroll","background-type":"","background-media":"","overlay-type":"","overlay-color":"","overlay-opacity":"","overlay-gradient":""},"tablet":{"background-color":"var(--ast-global-color-5)","background-image":"","background-repeat":"repeat","background-position":"center center","background-size":"auto","background-attachment":"scroll","background-type":"","background-media":"","overlay-type":"","overlay-color":"","overlay-opacity":"","overlay-gradient":""},"mobile":{"background-color":"var(--ast-global-color-5)","background-image":"","background-repeat":"repeat","background-position":"center center","background-size":"auto","background-attachment":"scroll","background-type":"","background-media":"","overlay-type":"","overlay-color":"","overlay-opacity":"","overlay-gradient":""}},"footnotes":""},"class_list":["post-2881","page","type-page","status-publish","has-post-thumbnail","hentry"],"jetpack_sharing_enabled":true,"_links":{"self":[{"href":"https:\/\/sociedadhispanoalemana.com\/de\/wp-json\/wp\/v2\/pages\/2881","targetHints":{"allow":["GET"]}}],"collection":[{"href":"https:\/\/sociedadhispanoalemana.com\/de\/wp-json\/wp\/v2\/pages"}],"about":[{"href":"https:\/\/sociedadhispanoalemana.com\/de\/wp-json\/wp\/v2\/types\/page"}],"author":[{"embeddable":true,"href":"https:\/\/sociedadhispanoalemana.com\/de\/wp-json\/wp\/v2\/users\/1"}],"replies":[{"embeddable":true,"href":"https:\/\/sociedadhispanoalemana.com\/de\/wp-json\/wp\/v2\/comments?post=2881"}],"version-history":[{"count":20,"href":"https:\/\/sociedadhispanoalemana.com\/de\/wp-json\/wp\/v2\/pages\/2881\/revisions"}],"predecessor-version":[{"id":2906,"href":"https:\/\/sociedadhispanoalemana.com\/de\/wp-json\/wp\/v2\/pages\/2881\/revisions\/2906"}],"wp:featuredmedia":[{"embeddable":true,"href":"https:\/\/sociedadhispanoalemana.com\/de\/wp-json\/wp\/v2\/media\/2878"}],"wp:attachment":[{"href":"https:\/\/sociedadhispanoalemana.com\/de\/wp-json\/wp\/v2\/media?parent=2881"}],"curies":[{"name":"wp","href":"https:\/\/api.w.org\/{rel}","templated":true}]}}

Recital de poesía

<div data-elementor-type="wp-page" data-elementor-id="2881" class="elementor elementor-2881" data-elementor-post-type="page">
									<section class="elementor-section elementor-top-section elementor-element elementor-element-42d321a0 elementor-section-boxed elementor-section-height-default elementor-section-height-default" data-id="42d321a0" data-element_type="section" data-settings="{&quot;background_background&quot;:&quot;classic&quot;}">
							<div class="elementor-background-overlay"></div>
							<div class="elementor-container elementor-column-gap-default">
					<div class="elementor-column elementor-col-100 elementor-top-column elementor-element elementor-element-4c35185c" data-id="4c35185c" data-element_type="column">
			<div class="elementor-widget-wrap elementor-element-populated">
								<div class="elementor-element elementor-element-72fdf841 elementor-widget elementor-widget-heading" data-id="72fdf841" data-element_type="widget" data-widget_type="heading.default">
				<div class="elementor-widget-container">
			<h1 class="elementor-heading-title elementor-size-default">Recital De poesía</h1>		</div>
				</div>
					</div>
		</div>
							</div>
		</section>
				<section class="elementor-section elementor-top-section elementor-element elementor-element-4475ba89 elementor-reverse-mobile elementor-section-boxed elementor-section-height-default elementor-section-height-default" data-id="4475ba89" data-element_type="section">
						<div class="elementor-container elementor-column-gap-no">
					<div class="elementor-column elementor-col-100 elementor-top-column elementor-element elementor-element-1405683c" data-id="1405683c" data-element_type="column">
			<div class="elementor-widget-wrap elementor-element-populated">
								<div class="elementor-element elementor-element-1762076f elementor-widget elementor-widget-heading" data-id="1762076f" data-element_type="widget" data-widget_type="heading.default">
				<div class="elementor-widget-container">
			<h2 class="elementor-heading-title elementor-size-default">Poesía Hispano-Alemana sig. xx y xxi</h2>		</div>
				</div>
				<div class="elementor-element elementor-element-59f8c2d4 elementor-widget elementor-widget-text-editor" data-id="59f8c2d4" data-element_type="widget" data-widget_type="text-editor.default">
				<div class="elementor-widget-container">
							<p style="text-align: center;">Os invitamos el próximo viernes 30 de abril en <a href="http://www.pamplonaescultura.es/places/civivox-condestable/">Civivox Condestable</a> a las 19 horas.</p><p>Un recital de poesía organizado en colaboración con la Asociación Navarra de Escritores-Nafar Idazleen Elkartea, con fascinantes obras de autores provenientes de Alemania, España, Suiza y Bélgica y acompañados musicalmente por el Trío Eslava.</p><div class="t pg-1m0 pg-1x4 pg-1h3 pg-1y7 pg-1ff2 pg-1fs1 pg-1fc1 pg-1sc0 pg-1ls0 pg-1ws0"><div class="t pg-1m0 pg-1x4 pg-1h3 pg-1y4 pg-1ff2 pg-1fs1 pg-1fc1 pg-1sc0 pg-1ls0 pg-1ws0">Recitan:</div><div class="t pg-1m0 pg-1x2 pg-1h3 pg-1y5 pg-1ff2 pg-1fs1 pg-1fc1 pg-1sc0 pg-1ls0 pg-1ws0"><strong>Adam Kuffer, Bettina Melcher, Klaus Mestern, </strong><strong style="font-size: 16px;">Koldo Pla, Silvia Marambio, Tasús Burguete.</strong></div><div>Acompañamiento musical: <strong>Trío Eslava</strong></div><div class="t pg-1m0 pg-1x4 pg-1h3 pg-1yd pg-1ff2 pg-1fs1 pg-1fc1 pg-1sc0 pg-1ls0 pg-1ws0"> </div></div>						</div>
				</div>
					</div>
		</div>
							</div>
		</section>
				<section class="elementor-section elementor-top-section elementor-element elementor-element-5ef41c1 elementor-section-boxed elementor-section-height-default elementor-section-height-default" data-id="5ef41c1" data-element_type="section">
						<div class="elementor-container elementor-column-gap-default">
					<div class="elementor-column elementor-col-100 elementor-top-column elementor-element elementor-element-cab18df" data-id="cab18df" data-element_type="column">
			<div class="elementor-widget-wrap elementor-element-populated">
								<div class="elementor-element elementor-element-7491da7 elementor-widget elementor-widget-image" data-id="7491da7" data-element_type="widget" data-widget_type="image.default">
				<div class="elementor-widget-container">
															<img loading="lazy" decoding="async" width="1024" height="1024" src="https://sociedadhispanoalemana.com/wp-content/uploads/2021/04/Poesia-Hispano-Alemana-1024x1024.png" class="attachment-large size-large wp-image-2878" alt="" srcset="https://sociedadhispanoalemana.com/wp-content/uploads/2021/04/Poesia-Hispano-Alemana-1024x1024.png 1024w, https://sociedadhispanoalemana.com/wp-content/uploads/2021/04/Poesia-Hispano-Alemana-300x300.png 300w, https://sociedadhispanoalemana.com/wp-content/uploads/2021/04/Poesia-Hispano-Alemana-150x150.png 150w, https://sociedadhispanoalemana.com/wp-content/uploads/2021/04/Poesia-Hispano-Alemana-768x768.png 768w, https://sociedadhispanoalemana.com/wp-content/uploads/2021/04/Poesia-Hispano-Alemana-12x12.png 12w, https://sociedadhispanoalemana.com/wp-content/uploads/2021/04/Poesia-Hispano-Alemana.png 1080w" sizes="auto, (max-width: 1024px) 100vw, 1024px" />															</div>
				</div>
					</div>
		</div>
							</div>
		</section>
				<section class="elementor-section elementor-top-section elementor-element elementor-element-2471808 elementor-section-boxed elementor-section-height-default elementor-section-height-default" data-id="2471808" data-element_type="section">
						<div class="elementor-container elementor-column-gap-default">
					<div class="elementor-column elementor-col-100 elementor-top-column elementor-element elementor-element-4d1edea" data-id="4d1edea" data-element_type="column">
			<div class="elementor-widget-wrap elementor-element-populated">
								<div class="elementor-element elementor-element-98277eb elementor-widget elementor-widget-text-editor" data-id="98277eb" data-element_type="widget" data-widget_type="text-editor.default">
				<div class="elementor-widget-container">
							<table border="0" width="100%" cellspacing="0" cellpadding="0"><tbody><tr><td class="yiv2202041902mceSpacing-24" valign="top"><div class="yiv2202041902mceText"><p class="yiv2202041902last-child">Entre los poetas elegidos encontramos a Peter Rühmkorf, Chantal Maillard, Andreas Altmann, Ana Rosetti, Antonio Colinas, Nico Bleutge, Gerhard Falkner, Hilde Domin, Jaime Siles und Mascha Kaleko.</p></div></td></tr><tr><td class="yiv2202041902mceSpacing-24" valign="top"><div class="yiv2202041902mceText"><p>l Trío Eslava nos degustará musicalmente con obras de Jules Massenet, Hans Zimmer, Joan Manuel Serrat, Carlos Gardel entre otros.</p><p>Die meisten Rezepte sind einfach nachzukochen, allerdings benötigen Sie dazu manchmal vielleicht Zutaten, die man außerhalb Nordspaniens nicht kennt. Darauf sind wir zu Beginn dieses Buches ausführlicher eingegangen. <strong>entrada es libre</strong> <strong>con inscripción previa</strong> en: info@sociedadhispanoalemana.com hasta completar el aforo permitido.</p><p class="yiv2202041902last-child">El evento se realizará conforme la normativa vigente de las medidas contra el COVID-19 en Navarra.</p></div></td></tr><tr><td class="yiv2202041902mceSpacing-24" valign="top"><div class="yiv2202041902mceText"><p><strong>Nuestro evento se transmitirá en vivo a través de Instagram: @escritoresnavarros</strong></p></div></td></tr></tbody></table>						</div>
				</div>
				<div class="elementor-element elementor-element-9f934be elementor-widget elementor-widget-heading" data-id="9f934be" data-element_type="widget" data-widget_type="heading.default">
				<div class="elementor-widget-container">
			<h4 class="elementor-heading-title elementor-size-default">Entrada libre con inscripción previa en:info@sociedadhispanoalemana.com</h4>		</div>
				</div>
					</div>
		</div>
							</div>
		</section>
				<section class="elementor-section elementor-top-section elementor-element elementor-element-cf6bb6a elementor-section-boxed elementor-section-height-default elementor-section-height-default" data-id="cf6bb6a" data-element_type="section">
						<div class="elementor-container elementor-column-gap-default">
					<div class="elementor-column elementor-col-100 elementor-top-column elementor-element elementor-element-d1a4095" data-id="d1a4095" data-element_type="column">
			<div class="elementor-widget-wrap elementor-element-populated">
								<div class="elementor-element elementor-element-3038dc5 elementor-widget elementor-widget-heading" data-id="3038dc5" data-element_type="widget" data-widget_type="heading.default">
				<div class="elementor-widget-container">
			<h2 class="elementor-heading-title elementor-size-default"><a href="http://@escritoresnavarros">Disfrutalo tambien online en instagram: @escritoresnavarros</a></h2>		</div>
				</div>
					</div>
		</div>
							</div>
		</section>
							</div>

<p>Recital De poesía Poesía Hispano-Alemana sig. xx y xxi Os invitamos el próximo viernes 30 de abril en Civivox Condestable a las 19 horas. Un recital de poesía organizado en colaboración [&hellip;]</p>
