{"id":2925,"date":"2021-05-08T06:52:02","date_gmt":"2021-05-08T06:52:02","guid":{"rendered":"https:\/\/sociedadhispanoalemana.com\/?page_id=2925"},"modified":"2021-05-13T20:26:35","modified_gmt":"2021-05-13T20:26:35","slug":"modelo-carta-apoyo-candidatura-jesus-hernandez-aristu","status":"publish","type":"page","link":"https:\/\/sociedadhispanoalemana.com\/de\/modelo-carta-apoyo-candidatura-jesus-hernandez-aristu","title":{"rendered":"Modelo Carta apoyo candidatura JESUS HERNANDEZ ARISTU"},"content":{"rendered":"<div data-elementor-type=\"wp-page\" data-elementor-id=\"2925\" class=\"elementor elementor-2925\" data-elementor-post-type=\"page\">\n\t\t\t\t\t\t\t\t\t<section class=\"elementor-section elementor-top-section elementor-element elementor-element-f36d27c elementor-section-boxed elementor-section-height-default elementor-section-height-default\" data-id=\"f36d27c\" data-element_type=\"section\">\n\t\t\t\t\t\t<div class=\"elementor-container elementor-column-gap-default\">\n\t\t\t\t\t<div class=\"elementor-column elementor-col-100 elementor-top-column elementor-element elementor-element-5216e5a\" data-id=\"5216e5a\" data-element_type=\"column\">\n\t\t\t<div class=\"elementor-widget-wrap elementor-element-populated\">\n\t\t\t\t\t\t\t\t<div class=\"elementor-element elementor-element-2dce1b1 elementor-widget elementor-widget-heading\" data-id=\"2dce1b1\" data-element_type=\"widget\" data-widget_type=\"heading.default\">\n\t\t\t\t<div class=\"elementor-widget-container\">\n\t\t\t<h2 class=\"elementor-heading-title elementor-size-default\">FAvor de copiar la carta en un procesador de texto, rellenar e imprimir. podeis enviar una foto o escaneada a nuestra direccion de correo. GRACIAS!<\/h2>\t\t<\/div>\n\t\t\t\t<\/div>\n\t\t\t\t\t<\/div>\n\t\t<\/div>\n\t\t\t\t\t\t\t<\/div>\n\t\t<\/section>\n\t\t\t\t<section class=\"elementor-section elementor-top-section elementor-element elementor-element-645b1eef elementor-section-boxed elementor-section-height-default elementor-section-height-default\" data-id=\"645b1eef\" data-element_type=\"section\">\n\t\t\t\t\t\t<div class=\"elementor-container elementor-column-gap-default\">\n\t\t\t\t\t<div class=\"elementor-column elementor-col-100 elementor-top-column elementor-element elementor-element-28aa4d7d\" data-id=\"28aa4d7d\" data-element_type=\"column\">\n\t\t\t<div class=\"elementor-widget-wrap elementor-element-populated\">\n\t\t\t\t\t\t\t\t<div class=\"elementor-element elementor-element-103e9f75 elementor-widget elementor-widget-text-editor\" data-id=\"103e9f75\" data-element_type=\"widget\" data-widget_type=\"text-editor.default\">\n\t\t\t\t<div class=\"elementor-widget-container\">\n\t\t\t\t\t\t\t<!-- wp:paragraph -->\n<p>Mayo 2021<\/p>\n<!-- \/wp:paragraph -->\n\n<!-- wp:paragraph -->\n<p>Estimado Jurado del Premio Pr\u00edncipe de Viana:<\/p>\n<!-- \/wp:paragraph -->\n\n<!-- wp:paragraph -->\n<p>Con esta carta queremos manifestar nuestro apoyo a la Candidatura que&nbsp; presenta la Asociaci\u00f3n Hispano-Alemana del Norte de Espa\u00f1a para la concesi\u00f3n&nbsp; del&nbsp; Premio Pr\u00edncipe de Viana de la Cultura 2021 a Don Jes\u00fas HERNANDEZ ARISTU entendiendo que su trayectoria personal y profesional encaja en los fines y esencia de estos galardones, dirigidos a \u201creconocer la tarea llevada a cabo por personas o instituciones relevantes en cualquiera de los \u00e1mbitos de la cultura, bien sea mediante el ejercicio de la creaci\u00f3n, el estudio o la investigaci\u00f3n, bien mediante su promoci\u00f3n y fomento\u201d.<\/p>\n<!-- \/wp:paragraph -->\n\n<!-- wp:paragraph -->\n<p>Consideramos que Don Jes\u00fas Hern\u00e1ndez cumple de manera transversal con estos valores dado su af\u00e1n por la difusi\u00f3n cient\u00edfica y cultural a trav\u00e9s de sus m\u00e1s de 35 libros y m\u00e1s de 60 art\u00edculos publicados y su activa participaci\u00f3n en actividades de fomento de la intervenci\u00f3n social, la educaci\u00f3n de adultos y el apoyo a la formaci\u00f3n y la empleabilidad de los j\u00f3venes.<\/p>\n<!-- \/wp:paragraph -->\n\n<!-- wp:paragraph -->\n<p>El trabajo cultural de Jesus Hern\u00e1ndez Aristu no se limit\u00f3 a su labor como profesor, investigador e innovador de proyectos, sino que&nbsp; practic\u00f3 la generaci\u00f3n de cultura participando durante a\u00f1os activamente en comisiones de cultura tanto del Ayuntamiento de Pamplona, como del Departamento de Cultura del Gobierno de Navarra; y promovi\u00f3 actividades e intercambios culturales como presidente de dos organizaciones de gran influencia cultural y social: La Agrupaci\u00f3n Coral de C\u00e1mara de Pamplona y la Sociedad Hispano-Alemana del Norte de Espa\u00f1a, con sede en Pamplona.<\/p>\n<!-- \/wp:paragraph -->\n\n<!-- wp:paragraph -->\n<p><strong>Y para que conste nuestro apoyo a esta Candidatura a los Premios Pr\u00edncipe de Viana 2021 firmamos el presente documento.<\/strong><\/p>\n<!-- \/wp:paragraph -->\n\n<!-- wp:paragraph -->\n<p>Don\/D\u00f1a \u2026\u2026\u2026\u2026\u2026\u2026\u2026\u2026\u2026\u2026\u2026\u2026\u2026\u2026\u2026\u2026\u2026\u2026\u2026\u2026&#8230;&#8230;&#8230;&#8230;&#8230;&nbsp;&nbsp;&nbsp;&nbsp;&nbsp;&nbsp;&nbsp; con DNI o pasaporte \u2026\u2026\u2026\u2026\u2026\u2026\u2026\u2026\u2026\u2026\u2026\u2026\u2026\u2026\u2026\u2026\u2026\u2026\u2026\u2026\u2026\u2026\u2026\u2026 firma la presente carta en representaci\u00f3n de&nbsp; la&nbsp; organizaci\u00f3n,&nbsp; entidad,&nbsp; instituci\u00f3n,&nbsp; empresa&nbsp; o&nbsp; administraci\u00f3n \u2026\u2026\u2026\u2026.\u2026\u2026\u2026\u2026\u2026\u2026\u2026\u2026\u2026\u2026\u2026\u2026\u2026\u2026\u2026\u2026\u2026\u2026\u2026\u2026\u2026\u2026\u2026\u2026\u2026\u2026\u2026\u2026\u2026\u2026\u2026\u2026\u2026\u2026\u2026\u2026\u2026\u2026\u2026\u2026\u2026\u2026\u2026\u2026\u2026\u2026\u2026\u2026.<\/p>\n<!-- \/wp:paragraph -->\n\n<!-- wp:paragraph -->\n<p>En \u2026\u2026\u2026\u2026\u2026\u2026\u2026\u2026\u2026.a &#8230;&#8230;&#8230;.. de \u2026\u2026\u2026..&nbsp;&nbsp;&nbsp;&nbsp;&nbsp; de 2021<\/p>\n<!-- \/wp:paragraph -->\n\n<!-- wp:paragraph -->\n<p>Firmado en prueba de conformidad.<\/p>\n<!-- \/wp:paragraph -->\t\t\t\t\t\t<\/div>\n\t\t\t\t<\/div>\n\t\t\t\t\t<\/div>\n\t\t<\/div>\n\t\t\t\t\t\t\t<\/div>\n\t\t<\/section>\n\t\t\t\t\t\t\t<\/div>","protected":false},"excerpt":{"rendered":"<p>FAvor de copiar la carta en un procesador de texto, rellenar e imprimir. podeis enviar una foto o escaneada a nuestra direccion de correo. GRACIAS! Mayo 2021 Estimado Jurado del [&hellip;]<\/p>","protected":false},"author":1,"featured_media":0,"parent":0,"menu_order":0,"comment_status":"closed","ping_status":"closed","template":"","meta":{"_seopress_robots_primary_cat":"","site-sidebar-layout":"default","site-content-layout":"default","ast-site-content-layout":"","site-content-style":"default","site-sidebar-style":"default","ast-global-header-display":"","ast-banner-title-visibility":"","ast-main-header-display":"","ast-hfb-above-header-display":"","ast-hfb-below-header-display":"","ast-hfb-mobile-header-display":"","site-post-title":"","ast-breadcrumbs-content":"","ast-featured-img":"","footer-sml-layout":"","theme-transparent-header-meta":"default","adv-header-id-meta":"","stick-header-meta":"","header-above-stick-meta":"","header-main-stick-meta":"","header-below-stick-meta":"","astra-migrate-meta-layouts":"default","ast-page-background-enabled":"default","ast-page-background-meta":{"desktop":{"background-color":"","background-image":"","background-repeat":"repeat","background-position":"center center","background-size":"auto","background-attachment":"scroll","background-type":"","background-media":"","overlay-type":"","overlay-color":"","overlay-opacity":"","overlay-gradient":""},"tablet":{"background-color":"","background-image":"","background-repeat":"repeat","background-position":"center center","background-size":"auto","background-attachment":"scroll","background-type":"","background-media":"","overlay-type":"","overlay-color":"","overlay-opacity":"","overlay-gradient":""},"mobile":{"background-color":"","background-image":"","background-repeat":"repeat","background-position":"center center","background-size":"auto","background-attachment":"scroll","background-type":"","background-media":"","overlay-type":"","overlay-color":"","overlay-opacity":"","overlay-gradient":""}},"ast-content-background-meta":{"desktop":{"background-color":"var(--ast-global-color-5)","background-image":"","background-repeat":"repeat","background-position":"center center","background-size":"auto","background-attachment":"scroll","background-type":"","background-media":"","overlay-type":"","overlay-color":"","overlay-opacity":"","overlay-gradient":""},"tablet":{"background-color":"var(--ast-global-color-5)","background-image":"","background-repeat":"repeat","background-position":"center center","background-size":"auto","background-attachment":"scroll","background-type":"","background-media":"","overlay-type":"","overlay-color":"","overlay-opacity":"","overlay-gradient":""},"mobile":{"background-color":"var(--ast-global-color-5)","background-image":"","background-repeat":"repeat","background-position":"center center","background-size":"auto","background-attachment":"scroll","background-type":"","background-media":"","overlay-type":"","overlay-color":"","overlay-opacity":"","overlay-gradient":""}},"footnotes":""},"class_list":["post-2925","page","type-page","status-publish","hentry"],"jetpack_sharing_enabled":true,"_links":{"self":[{"href":"https:\/\/sociedadhispanoalemana.com\/de\/wp-json\/wp\/v2\/pages\/2925","targetHints":{"allow":["GET"]}}],"collection":[{"href":"https:\/\/sociedadhispanoalemana.com\/de\/wp-json\/wp\/v2\/pages"}],"about":[{"href":"https:\/\/sociedadhispanoalemana.com\/de\/wp-json\/wp\/v2\/types\/page"}],"author":[{"embeddable":true,"href":"https:\/\/sociedadhispanoalemana.com\/de\/wp-json\/wp\/v2\/users\/1"}],"replies":[{"embeddable":true,"href":"https:\/\/sociedadhispanoalemana.com\/de\/wp-json\/wp\/v2\/comments?post=2925"}],"version-history":[{"count":4,"href":"https:\/\/sociedadhispanoalemana.com\/de\/wp-json\/wp\/v2\/pages\/2925\/revisions"}],"predecessor-version":[{"id":2976,"href":"https:\/\/sociedadhispanoalemana.com\/de\/wp-json\/wp\/v2\/pages\/2925\/revisions\/2976"}],"wp:attachment":[{"href":"https:\/\/sociedadhispanoalemana.com\/de\/wp-json\/wp\/v2\/media?parent=2925"}],"curies":[{"name":"wp","href":"https:\/\/api.w.org\/{rel}","templated":true}]}}

<div data-elementor-type="wp-page" data-elementor-id="2925" class="elementor elementor-2925" data-elementor-post-type="page">
									<section class="elementor-section elementor-top-section elementor-element elementor-element-f36d27c elementor-section-boxed elementor-section-height-default elementor-section-height-default" data-id="f36d27c" data-element_type="section">
						<div class="elementor-container elementor-column-gap-default">
					<div class="elementor-column elementor-col-100 elementor-top-column elementor-element elementor-element-5216e5a" data-id="5216e5a" data-element_type="column">
			<div class="elementor-widget-wrap elementor-element-populated">
								<div class="elementor-element elementor-element-2dce1b1 elementor-widget elementor-widget-heading" data-id="2dce1b1" data-element_type="widget" data-widget_type="heading.default">
				<div class="elementor-widget-container">
			<h2 class="elementor-heading-title elementor-size-default">FAvor de copiar la carta en un procesador de texto, rellenar e imprimir. podeis enviar una foto o escaneada a nuestra direccion de correo. GRACIAS!</h2>		</div>
				</div>
					</div>
		</div>
							</div>
		</section>
				<section class="elementor-section elementor-top-section elementor-element elementor-element-645b1eef elementor-section-boxed elementor-section-height-default elementor-section-height-default" data-id="645b1eef" data-element_type="section">
						<div class="elementor-container elementor-column-gap-default">
					<div class="elementor-column elementor-col-100 elementor-top-column elementor-element elementor-element-28aa4d7d" data-id="28aa4d7d" data-element_type="column">
			<div class="elementor-widget-wrap elementor-element-populated">
								<div class="elementor-element elementor-element-103e9f75 elementor-widget elementor-widget-text-editor" data-id="103e9f75" data-element_type="widget" data-widget_type="text-editor.default">
				<div class="elementor-widget-container">
							<!-- wp:paragraph -->
<p>Mayo 2021</p>
<!-- /wp:paragraph -->

<!-- wp:paragraph -->
<p>Estimado Jurado del Premio Príncipe de Viana:</p>
<!-- /wp:paragraph -->

<!-- wp:paragraph -->
<p>Con esta carta queremos manifestar nuestro apoyo a la Candidatura que&nbsp; presenta la Asociación Hispano-Alemana del Norte de España para la concesión&nbsp; del&nbsp; Premio Príncipe de Viana de la Cultura 2021 a Don Jesús HERNANDEZ ARISTU entendiendo que su trayectoria personal y profesional encaja en los fines y esencia de estos galardones, dirigidos a “reconocer la tarea llevada a cabo por personas o instituciones relevantes en cualquiera de los ámbitos de la cultura, bien sea mediante el ejercicio de la creación, el estudio o la investigación, bien mediante su promoción y fomento”.</p>
<!-- /wp:paragraph -->

<!-- wp:paragraph -->
<p>Consideramos que Don Jesús Hernández cumple de manera transversal con estos valores dado su afán por la difusión científica y cultural a través de sus más de 35 libros y más de 60 artículos publicados y su activa participación en actividades de fomento de la intervención social, la educación de adultos y el apoyo a la formación y la empleabilidad de los jóvenes.</p>
<!-- /wp:paragraph -->

<!-- wp:paragraph -->
<p>El trabajo cultural de Jesus Hernández Aristu no se limitó a su labor como profesor, investigador e innovador de proyectos, sino que&nbsp; practicó la generación de cultura participando durante años activamente en comisiones de cultura tanto del Ayuntamiento de Pamplona, como del Departamento de Cultura del Gobierno de Navarra; y promovió actividades e intercambios culturales como presidente de dos organizaciones de gran influencia cultural y social: La Agrupación Coral de Cámara de Pamplona y la Sociedad Hispano-Alemana del Norte de España, con sede en Pamplona.</p>
<!-- /wp:paragraph -->

<!-- wp:paragraph -->
<p><strong>Y para que conste nuestro apoyo a esta Candidatura a los Premios Príncipe de Viana 2021 firmamos el presente documento.</strong></p>
<!-- /wp:paragraph -->

<!-- wp:paragraph -->
<p>Don/Dña ……………………………………………………&#8230;&#8230;&#8230;&#8230;&#8230;&nbsp;&nbsp;&nbsp;&nbsp;&nbsp;&nbsp;&nbsp; con DNI o pasaporte ……………………………………………………………… firma la presente carta en representación de&nbsp; la&nbsp; organización,&nbsp; entidad,&nbsp; institución,&nbsp; empresa&nbsp; o&nbsp; administración ………….……………………………………………………………………………………………………………………………….</p>
<!-- /wp:paragraph -->

<!-- wp:paragraph -->
<p>En ……………………….a &#8230;&#8230;&#8230;.. de ………..&nbsp;&nbsp;&nbsp;&nbsp;&nbsp; de 2021</p>
<!-- /wp:paragraph -->

<!-- wp:paragraph -->
<p>Firmado en prueba de conformidad.</p>
<!-- /wp:paragraph -->						</div>
				</div>
					</div>
		</div>
							</div>
		</section>
							</div>
