{"id":2941,"date":"2021-05-09T07:45:34","date_gmt":"2021-05-09T07:45:34","guid":{"rendered":"https:\/\/sociedadhispanoalemana.com\/?page_id=2941"},"modified":"2021-05-13T20:15:55","modified_gmt":"2021-05-13T20:15:55","slug":"ciclo-de-cine-aleman-primavera-2021","status":"publish","type":"page","link":"https:\/\/sociedadhispanoalemana.com\/de\/ciclo-de-cine-aleman-primavera-2021","title":{"rendered":"ciclo de cine alem\u00e1n primavera 2021"},"content":{"rendered":"<div data-elementor-type=\"wp-page\" data-elementor-id=\"2941\" class=\"elementor elementor-2941\" data-elementor-post-type=\"page\">\n\t\t\t\t\t\t\t\t\t<section class=\"elementor-section elementor-top-section elementor-element elementor-element-2bd9d4c0 elementor-section-boxed elementor-section-height-default elementor-section-height-default\" data-id=\"2bd9d4c0\" data-element_type=\"section\" data-settings=\"{&quot;background_background&quot;:&quot;classic&quot;}\">\n\t\t\t\t\t\t\t<div class=\"elementor-background-overlay\"><\/div>\n\t\t\t\t\t\t\t<div class=\"elementor-container elementor-column-gap-default\">\n\t\t\t\t\t<div class=\"elementor-column elementor-col-100 elementor-top-column elementor-element elementor-element-2d346668\" data-id=\"2d346668\" data-element_type=\"column\">\n\t\t\t<div class=\"elementor-widget-wrap elementor-element-populated\">\n\t\t\t\t\t\t\t\t<div class=\"elementor-element elementor-element-56ab8d36 elementor-widget elementor-widget-heading\" data-id=\"56ab8d36\" data-element_type=\"widget\" data-widget_type=\"heading.default\">\n\t\t\t\t<div class=\"elementor-widget-container\">\n\t\t\t<h1 class=\"elementor-heading-title elementor-size-default\">Deutsche Filmwochen 2021<\/h1>\t\t<\/div>\n\t\t\t\t<\/div>\n\t\t\t\t\t<\/div>\n\t\t<\/div>\n\t\t\t\t\t\t\t<\/div>\n\t\t<\/section>\n\t\t\t\t<section class=\"elementor-section elementor-top-section elementor-element elementor-element-87abfc7 elementor-section-boxed elementor-section-height-default elementor-section-height-default\" data-id=\"87abfc7\" data-element_type=\"section\">\n\t\t\t\t\t\t<div class=\"elementor-container elementor-column-gap-default\">\n\t\t\t\t\t<div class=\"elementor-column elementor-col-100 elementor-top-column elementor-element elementor-element-8c93d4a\" data-id=\"8c93d4a\" data-element_type=\"column\">\n\t\t\t<div class=\"elementor-widget-wrap elementor-element-populated\">\n\t\t\t\t\t\t\t\t<div class=\"elementor-element elementor-element-8c4dc50 elementor-widget elementor-widget-heading\" data-id=\"8c4dc50\" data-element_type=\"widget\" data-widget_type=\"heading.default\">\n\t\t\t\t<div class=\"elementor-widget-container\">\n\t\t\t<h2 class=\"elementor-heading-title elementor-size-default\">Deutsche Filmwochen Fr\u00fchling 2021<\/h2>\t\t<\/div>\n\t\t\t\t<\/div>\n\t\t\t\t\t<\/div>\n\t\t<\/div>\n\t\t\t\t\t\t\t<\/div>\n\t\t<\/section>\n\t\t\t\t<section class=\"elementor-section elementor-top-section elementor-element elementor-element-fec6bdf elementor-section-boxed elementor-section-height-default elementor-section-height-default\" data-id=\"fec6bdf\" data-element_type=\"section\">\n\t\t\t\t\t\t<div class=\"elementor-container elementor-column-gap-default\">\n\t\t\t\t\t<div class=\"elementor-column elementor-col-100 elementor-top-column elementor-element elementor-element-4bdcb07\" data-id=\"4bdcb07\" data-element_type=\"column\">\n\t\t\t<div class=\"elementor-widget-wrap elementor-element-populated\">\n\t\t\t\t\t\t\t\t<div class=\"elementor-element elementor-element-67205c3 elementor-widget elementor-widget-text-editor\" data-id=\"67205c3\" data-element_type=\"widget\" data-widget_type=\"text-editor.default\">\n\t\t\t\t<div class=\"elementor-widget-container\">\n\t\t\t\t\t\t\t<p>Wir laden Sie herzlich ein, unsere Filmsaison im Fr\u00fchjahr 2021 zu genie\u00dfen. Die Auswahl an aktuellen Filmen, die f\u00fcr jedes Publikum geeignet sind, kann im Auditorium des Civivox Condestable auf der gro\u00dfen Leinwand in der Originalfassung mit spanischen Untertiteln genossen werden.<\/p>\t\t\t\t\t\t<\/div>\n\t\t\t\t<\/div>\n\t\t\t\t\t<\/div>\n\t\t<\/div>\n\t\t\t\t\t\t\t<\/div>\n\t\t<\/section>\n\t\t\t\t<section class=\"elementor-section elementor-top-section elementor-element elementor-element-981a6dc elementor-section-boxed elementor-section-height-default elementor-section-height-default\" data-id=\"981a6dc\" data-element_type=\"section\">\n\t\t\t\t\t\t<div class=\"elementor-container elementor-column-gap-default\">\n\t\t\t\t\t<div class=\"elementor-column elementor-col-100 elementor-top-column elementor-element elementor-element-f9bc262\" data-id=\"f9bc262\" data-element_type=\"column\">\n\t\t\t<div class=\"elementor-widget-wrap elementor-element-populated\">\n\t\t\t\t\t\t\t\t<div class=\"elementor-element elementor-element-bdbde1b elementor-widget elementor-widget-image\" data-id=\"bdbde1b\" data-element_type=\"widget\" data-widget_type=\"image.default\">\n\t\t\t\t<div class=\"elementor-widget-container\">\n\t\t\t\t\t\t\t\t\t\t\t\t\t\t\t<img loading=\"lazy\" decoding=\"async\" width=\"768\" height=\"1024\" src=\"https:\/\/sociedadhispanoalemana.com\/wp-content\/uploads\/2021\/05\/Ciclo-de-cine_2021-2-768x1024.jpg\" class=\"attachment-large size-large wp-image-2963\" alt=\"\" srcset=\"https:\/\/sociedadhispanoalemana.com\/wp-content\/uploads\/2021\/05\/Ciclo-de-cine_2021-2-768x1024.jpg 768w, https:\/\/sociedadhispanoalemana.com\/wp-content\/uploads\/2021\/05\/Ciclo-de-cine_2021-2-225x300.jpg 225w, https:\/\/sociedadhispanoalemana.com\/wp-content\/uploads\/2021\/05\/Ciclo-de-cine_2021-2-1152x1536.jpg 1152w, https:\/\/sociedadhispanoalemana.com\/wp-content\/uploads\/2021\/05\/Ciclo-de-cine_2021-2-1536x2048.jpg 1536w, https:\/\/sociedadhispanoalemana.com\/wp-content\/uploads\/2021\/05\/Ciclo-de-cine_2021-2-9x12.jpg 9w, https:\/\/sociedadhispanoalemana.com\/wp-content\/uploads\/2021\/05\/Ciclo-de-cine_2021-2-scaled.jpg 1920w\" sizes=\"auto, (max-width: 768px) 100vw, 768px\" \/>\t\t\t\t\t\t\t\t\t\t\t\t\t\t\t<\/div>\n\t\t\t\t<\/div>\n\t\t\t\t\t<\/div>\n\t\t<\/div>\n\t\t\t\t\t\t\t<\/div>\n\t\t<\/section>\n\t\t\t\t<section class=\"elementor-section elementor-top-section elementor-element elementor-element-3cdaa22 elementor-section-boxed elementor-section-height-default elementor-section-height-default\" data-id=\"3cdaa22\" data-element_type=\"section\">\n\t\t\t\t\t\t<div class=\"elementor-container elementor-column-gap-default\">\n\t\t\t\t\t<div class=\"elementor-column elementor-col-100 elementor-top-column elementor-element elementor-element-08e3aa5\" data-id=\"08e3aa5\" data-element_type=\"column\">\n\t\t\t<div class=\"elementor-widget-wrap\">\n\t\t\t\t\t\t\t\t\t<\/div>\n\t\t<\/div>\n\t\t\t\t\t\t\t<\/div>\n\t\t<\/section>\n\t\t\t\t<section class=\"elementor-section elementor-top-section elementor-element elementor-element-f33cc58 elementor-section-boxed elementor-section-height-default elementor-section-height-default\" data-id=\"f33cc58\" data-element_type=\"section\">\n\t\t\t\t\t\t<div class=\"elementor-container elementor-column-gap-default\">\n\t\t\t\t\t<div class=\"elementor-column elementor-col-100 elementor-top-column elementor-element elementor-element-ac3cfaa\" data-id=\"ac3cfaa\" data-element_type=\"column\">\n\t\t\t<div class=\"elementor-widget-wrap elementor-element-populated\">\n\t\t\t\t\t\t\t\t<div class=\"elementor-element elementor-element-4c50122 elementor-widget elementor-widget-image\" data-id=\"4c50122\" data-element_type=\"widget\" data-widget_type=\"image.default\">\n\t\t\t\t<div class=\"elementor-widget-container\">\n\t\t\t\t\t\t\t\t\t\t\t\t\t\t\t<img loading=\"lazy\" decoding=\"async\" width=\"768\" height=\"1024\" src=\"https:\/\/sociedadhispanoalemana.com\/wp-content\/uploads\/2021\/05\/Filmwochen_2021-2-768x1024.jpg\" class=\"attachment-large size-large wp-image-2964\" alt=\"\" srcset=\"https:\/\/sociedadhispanoalemana.com\/wp-content\/uploads\/2021\/05\/Filmwochen_2021-2-768x1024.jpg 768w, https:\/\/sociedadhispanoalemana.com\/wp-content\/uploads\/2021\/05\/Filmwochen_2021-2-225x300.jpg 225w, https:\/\/sociedadhispanoalemana.com\/wp-content\/uploads\/2021\/05\/Filmwochen_2021-2-1152x1536.jpg 1152w, https:\/\/sociedadhispanoalemana.com\/wp-content\/uploads\/2021\/05\/Filmwochen_2021-2-1536x2048.jpg 1536w, https:\/\/sociedadhispanoalemana.com\/wp-content\/uploads\/2021\/05\/Filmwochen_2021-2-9x12.jpg 9w, https:\/\/sociedadhispanoalemana.com\/wp-content\/uploads\/2021\/05\/Filmwochen_2021-2-scaled.jpg 1920w\" sizes=\"auto, (max-width: 768px) 100vw, 768px\" \/>\t\t\t\t\t\t\t\t\t\t\t\t\t\t\t<\/div>\n\t\t\t\t<\/div>\n\t\t\t\t\t<\/div>\n\t\t<\/div>\n\t\t\t\t\t\t\t<\/div>\n\t\t<\/section>\n\t\t\t\t\t\t\t<\/div>","protected":false},"excerpt":{"rendered":"<p>Ciclo de cine alem\u00e1n Ciclo de cine alem\u00e1n primavera 2021 Os invitamos cordialmente a disfrutar de nuestro ciclo de cine primavera 2021. Las selecci\u00f3n de pel\u00edculas actuales y para aptas [&hellip;]<\/p>","protected":false},"author":1,"featured_media":0,"parent":0,"menu_order":0,"comment_status":"closed","ping_status":"closed","template":"elementor_header_footer","meta":{"_seopress_robots_primary_cat":"","site-sidebar-layout":"no-sidebar","site-content-layout":"page-builder","ast-site-content-layout":"","site-content-style":"default","site-sidebar-style":"default","ast-global-header-display":"","ast-banner-title-visibility":"","ast-main-header-display":"","ast-hfb-above-header-display":"","ast-hfb-below-header-display":"","ast-hfb-mobile-header-display":"","site-post-title":"disabled","ast-breadcrumbs-content":"","ast-featured-img":"disabled","footer-sml-layout":"","theme-transparent-header-meta":"enabled","adv-header-id-meta":"","stick-header-meta":"","header-above-stick-meta":"","header-main-stick-meta":"","header-below-stick-meta":"","astra-migrate-meta-layouts":"default","ast-page-background-enabled":"default","ast-page-background-meta":{"desktop":{"background-color":"","background-image":"","background-repeat":"repeat","background-position":"center center","background-size":"auto","background-attachment":"scroll","background-type":"","background-media":"","overlay-type":"","overlay-color":"","overlay-opacity":"","overlay-gradient":""},"tablet":{"background-color":"","background-image":"","background-repeat":"repeat","background-position":"center center","background-size":"auto","background-attachment":"scroll","background-type":"","background-media":"","overlay-type":"","overlay-color":"","overlay-opacity":"","overlay-gradient":""},"mobile":{"background-color":"","background-image":"","background-repeat":"repeat","background-position":"center center","background-size":"auto","background-attachment":"scroll","background-type":"","background-media":"","overlay-type":"","overlay-color":"","overlay-opacity":"","overlay-gradient":""}},"ast-content-background-meta":{"desktop":{"background-color":"var(--ast-global-color-5)","background-image":"","background-repeat":"repeat","background-position":"center center","background-size":"auto","background-attachment":"scroll","background-type":"","background-media":"","overlay-type":"","overlay-color":"","overlay-opacity":"","overlay-gradient":""},"tablet":{"background-color":"var(--ast-global-color-5)","background-image":"","background-repeat":"repeat","background-position":"center center","background-size":"auto","background-attachment":"scroll","background-type":"","background-media":"","overlay-type":"","overlay-color":"","overlay-opacity":"","overlay-gradient":""},"mobile":{"background-color":"var(--ast-global-color-5)","background-image":"","background-repeat":"repeat","background-position":"center center","background-size":"auto","background-attachment":"scroll","background-type":"","background-media":"","overlay-type":"","overlay-color":"","overlay-opacity":"","overlay-gradient":""}},"footnotes":""},"class_list":["post-2941","page","type-page","status-publish","hentry"],"jetpack_sharing_enabled":true,"_links":{"self":[{"href":"https:\/\/sociedadhispanoalemana.com\/de\/wp-json\/wp\/v2\/pages\/2941","targetHints":{"allow":["GET"]}}],"collection":[{"href":"https:\/\/sociedadhispanoalemana.com\/de\/wp-json\/wp\/v2\/pages"}],"about":[{"href":"https:\/\/sociedadhispanoalemana.com\/de\/wp-json\/wp\/v2\/types\/page"}],"author":[{"embeddable":true,"href":"https:\/\/sociedadhispanoalemana.com\/de\/wp-json\/wp\/v2\/users\/1"}],"replies":[{"embeddable":true,"href":"https:\/\/sociedadhispanoalemana.com\/de\/wp-json\/wp\/v2\/comments?post=2941"}],"version-history":[{"count":16,"href":"https:\/\/sociedadhispanoalemana.com\/de\/wp-json\/wp\/v2\/pages\/2941\/revisions"}],"predecessor-version":[{"id":2967,"href":"https:\/\/sociedadhispanoalemana.com\/de\/wp-json\/wp\/v2\/pages\/2941\/revisions\/2967"}],"wp:attachment":[{"href":"https:\/\/sociedadhispanoalemana.com\/de\/wp-json\/wp\/v2\/media?parent=2941"}],"curies":[{"name":"wp","href":"https:\/\/api.w.org\/{rel}","templated":true}]}}

ciclo de cine alemán primavera 2021

<div data-elementor-type="wp-page" data-elementor-id="2941" class="elementor elementor-2941" data-elementor-post-type="page">
									<section class="elementor-section elementor-top-section elementor-element elementor-element-2bd9d4c0 elementor-section-boxed elementor-section-height-default elementor-section-height-default" data-id="2bd9d4c0" data-element_type="section" data-settings="{&quot;background_background&quot;:&quot;classic&quot;}">
							<div class="elementor-background-overlay"></div>
							<div class="elementor-container elementor-column-gap-default">
					<div class="elementor-column elementor-col-100 elementor-top-column elementor-element elementor-element-2d346668" data-id="2d346668" data-element_type="column">
			<div class="elementor-widget-wrap elementor-element-populated">
								<div class="elementor-element elementor-element-56ab8d36 elementor-widget elementor-widget-heading" data-id="56ab8d36" data-element_type="widget" data-widget_type="heading.default">
				<div class="elementor-widget-container">
			<h1 class="elementor-heading-title elementor-size-default">Deutsche Filmwochen 2021</h1>		</div>
				</div>
					</div>
		</div>
							</div>
		</section>
				<section class="elementor-section elementor-top-section elementor-element elementor-element-87abfc7 elementor-section-boxed elementor-section-height-default elementor-section-height-default" data-id="87abfc7" data-element_type="section">
						<div class="elementor-container elementor-column-gap-default">
					<div class="elementor-column elementor-col-100 elementor-top-column elementor-element elementor-element-8c93d4a" data-id="8c93d4a" data-element_type="column">
			<div class="elementor-widget-wrap elementor-element-populated">
								<div class="elementor-element elementor-element-8c4dc50 elementor-widget elementor-widget-heading" data-id="8c4dc50" data-element_type="widget" data-widget_type="heading.default">
				<div class="elementor-widget-container">
			<h2 class="elementor-heading-title elementor-size-default">Deutsche Filmwochen Frühling 2021</h2>		</div>
				</div>
					</div>
		</div>
							</div>
		</section>
				<section class="elementor-section elementor-top-section elementor-element elementor-element-fec6bdf elementor-section-boxed elementor-section-height-default elementor-section-height-default" data-id="fec6bdf" data-element_type="section">
						<div class="elementor-container elementor-column-gap-default">
					<div class="elementor-column elementor-col-100 elementor-top-column elementor-element elementor-element-4bdcb07" data-id="4bdcb07" data-element_type="column">
			<div class="elementor-widget-wrap elementor-element-populated">
								<div class="elementor-element elementor-element-67205c3 elementor-widget elementor-widget-text-editor" data-id="67205c3" data-element_type="widget" data-widget_type="text-editor.default">
				<div class="elementor-widget-container">
							<p>Wir laden Sie herzlich ein, unsere Filmsaison im Frühjahr 2021 zu genießen. Die Auswahl an aktuellen Filmen, die für jedes Publikum geeignet sind, kann im Auditorium des Civivox Condestable auf der großen Leinwand in der Originalfassung mit spanischen Untertiteln genossen werden.</p>						</div>
				</div>
					</div>
		</div>
							</div>
		</section>
				<section class="elementor-section elementor-top-section elementor-element elementor-element-981a6dc elementor-section-boxed elementor-section-height-default elementor-section-height-default" data-id="981a6dc" data-element_type="section">
						<div class="elementor-container elementor-column-gap-default">
					<div class="elementor-column elementor-col-100 elementor-top-column elementor-element elementor-element-f9bc262" data-id="f9bc262" data-element_type="column">
			<div class="elementor-widget-wrap elementor-element-populated">
								<div class="elementor-element elementor-element-bdbde1b elementor-widget elementor-widget-image" data-id="bdbde1b" data-element_type="widget" data-widget_type="image.default">
				<div class="elementor-widget-container">
															<img loading="lazy" decoding="async" width="768" height="1024" src="https://sociedadhispanoalemana.com/wp-content/uploads/2021/05/Ciclo-de-cine_2021-2-768x1024.jpg" class="attachment-large size-large wp-image-2963" alt="" srcset="https://sociedadhispanoalemana.com/wp-content/uploads/2021/05/Ciclo-de-cine_2021-2-768x1024.jpg 768w, https://sociedadhispanoalemana.com/wp-content/uploads/2021/05/Ciclo-de-cine_2021-2-225x300.jpg 225w, https://sociedadhispanoalemana.com/wp-content/uploads/2021/05/Ciclo-de-cine_2021-2-1152x1536.jpg 1152w, https://sociedadhispanoalemana.com/wp-content/uploads/2021/05/Ciclo-de-cine_2021-2-1536x2048.jpg 1536w, https://sociedadhispanoalemana.com/wp-content/uploads/2021/05/Ciclo-de-cine_2021-2-9x12.jpg 9w, https://sociedadhispanoalemana.com/wp-content/uploads/2021/05/Ciclo-de-cine_2021-2-scaled.jpg 1920w" sizes="auto, (max-width: 768px) 100vw, 768px" />															</div>
				</div>
					</div>
		</div>
							</div>
		</section>
				<section class="elementor-section elementor-top-section elementor-element elementor-element-3cdaa22 elementor-section-boxed elementor-section-height-default elementor-section-height-default" data-id="3cdaa22" data-element_type="section">
						<div class="elementor-container elementor-column-gap-default">
					<div class="elementor-column elementor-col-100 elementor-top-column elementor-element elementor-element-08e3aa5" data-id="08e3aa5" data-element_type="column">
			<div class="elementor-widget-wrap">
									</div>
		</div>
							</div>
		</section>
				<section class="elementor-section elementor-top-section elementor-element elementor-element-f33cc58 elementor-section-boxed elementor-section-height-default elementor-section-height-default" data-id="f33cc58" data-element_type="section">
						<div class="elementor-container elementor-column-gap-default">
					<div class="elementor-column elementor-col-100 elementor-top-column elementor-element elementor-element-ac3cfaa" data-id="ac3cfaa" data-element_type="column">
			<div class="elementor-widget-wrap elementor-element-populated">
								<div class="elementor-element elementor-element-4c50122 elementor-widget elementor-widget-image" data-id="4c50122" data-element_type="widget" data-widget_type="image.default">
				<div class="elementor-widget-container">
															<img loading="lazy" decoding="async" width="768" height="1024" src="https://sociedadhispanoalemana.com/wp-content/uploads/2021/05/Filmwochen_2021-2-768x1024.jpg" class="attachment-large size-large wp-image-2964" alt="" srcset="https://sociedadhispanoalemana.com/wp-content/uploads/2021/05/Filmwochen_2021-2-768x1024.jpg 768w, https://sociedadhispanoalemana.com/wp-content/uploads/2021/05/Filmwochen_2021-2-225x300.jpg 225w, https://sociedadhispanoalemana.com/wp-content/uploads/2021/05/Filmwochen_2021-2-1152x1536.jpg 1152w, https://sociedadhispanoalemana.com/wp-content/uploads/2021/05/Filmwochen_2021-2-1536x2048.jpg 1536w, https://sociedadhispanoalemana.com/wp-content/uploads/2021/05/Filmwochen_2021-2-9x12.jpg 9w, https://sociedadhispanoalemana.com/wp-content/uploads/2021/05/Filmwochen_2021-2-scaled.jpg 1920w" sizes="auto, (max-width: 768px) 100vw, 768px" />															</div>
				</div>
					</div>
		</div>
							</div>
		</section>
							</div>

<p>Ciclo de cine alemán Ciclo de cine alemán primavera 2021 Os invitamos cordialmente a disfrutar de nuestro ciclo de cine primavera 2021. Las selección de películas actuales y para aptas [&hellip;]</p>
