{"id":4657,"date":"2025-04-03T14:45:36","date_gmt":"2025-04-03T14:45:36","guid":{"rendered":"https:\/\/sociedadhispanoalemana.com\/?page_id=4657"},"modified":"2025-04-03T14:48:00","modified_gmt":"2025-04-03T14:48:00","slug":"visita-a-la-fundacion-miguel-echauri","status":"publish","type":"page","link":"https:\/\/sociedadhispanoalemana.com\/de\/visita-a-la-fundacion-miguel-echauri","title":{"rendered":"Visita a la fundaci\u00f3n Miguel Echauri"},"content":{"rendered":"<div data-elementor-type=\"wp-page\" data-elementor-id=\"4657\" class=\"elementor elementor-4657\" data-elementor-post-type=\"page\">\n\t\t\t\t\t\t\t\t\t<section class=\"elementor-section elementor-top-section elementor-element elementor-element-c010dc1 elementor-section-boxed elementor-section-height-default elementor-section-height-default\" data-id=\"c010dc1\" data-element_type=\"section\">\n\t\t\t\t\t\t<div class=\"elementor-container elementor-column-gap-default\">\n\t\t\t\t\t<div class=\"elementor-column elementor-col-100 elementor-top-column elementor-element elementor-element-e3291a0\" data-id=\"e3291a0\" data-element_type=\"column\">\n\t\t\t<div class=\"elementor-widget-wrap elementor-element-populated\">\n\t\t\t\t\t\t\t\t<div class=\"elementor-element elementor-element-2c51f47 elementor-widget elementor-widget-heading\" data-id=\"2c51f47\" data-element_type=\"widget\" data-widget_type=\"heading.default\">\n\t\t\t\t<div class=\"elementor-widget-container\">\n\t\t\t<h2 class=\"elementor-heading-title elementor-size-default\"><b>Visita a la fundaci\u00f3n Miguel Echauri<\/b><\/h2>\t\t<\/div>\n\t\t\t\t<\/div>\n\t\t\t\t\t<\/div>\n\t\t<\/div>\n\t\t\t\t\t\t\t<\/div>\n\t\t<\/section>\n\t\t\t\t<section class=\"elementor-section elementor-top-section elementor-element elementor-element-ab6ca14 elementor-section-boxed elementor-section-height-default elementor-section-height-default\" data-id=\"ab6ca14\" data-element_type=\"section\">\n\t\t\t\t\t\t<div class=\"elementor-container elementor-column-gap-default\">\n\t\t\t\t\t<div class=\"elementor-column elementor-col-33 elementor-top-column elementor-element elementor-element-eee4fed\" data-id=\"eee4fed\" data-element_type=\"column\">\n\t\t\t<div class=\"elementor-widget-wrap elementor-element-populated\">\n\t\t\t\t\t\t\t\t<div class=\"elementor-element elementor-element-bd777e4 elementor-widget elementor-widget-image\" data-id=\"bd777e4\" data-element_type=\"widget\" data-widget_type=\"image.default\">\n\t\t\t\t<div class=\"elementor-widget-container\">\n\t\t\t\t\t\t\t\t\t\t\t\t\t\t\t<img loading=\"lazy\" decoding=\"async\" width=\"296\" height=\"300\" src=\"https:\/\/sociedadhispanoalemana.com\/wp-content\/uploads\/2021\/01\/fund-296x300.png\" class=\"attachment-medium size-medium wp-image-650\" alt=\"\" srcset=\"https:\/\/sociedadhispanoalemana.com\/wp-content\/uploads\/2021\/01\/fund-296x300.png 296w, https:\/\/sociedadhispanoalemana.com\/wp-content\/uploads\/2021\/01\/fund.png 664w\" sizes=\"auto, (max-width: 296px) 100vw, 296px\" \/>\t\t\t\t\t\t\t\t\t\t\t\t\t\t\t<\/div>\n\t\t\t\t<\/div>\n\t\t\t\t\t<\/div>\n\t\t<\/div>\n\t\t\t\t<div class=\"elementor-column elementor-col-66 elementor-top-column elementor-element elementor-element-9876413\" data-id=\"9876413\" data-element_type=\"column\">\n\t\t\t<div class=\"elementor-widget-wrap elementor-element-populated\">\n\t\t\t\t\t\t\t\t<div class=\"elementor-element elementor-element-0b6245d elementor-widget elementor-widget-text-editor\" data-id=\"0b6245d\" data-element_type=\"widget\" data-widget_type=\"text-editor.default\">\n\t\t\t\t<div class=\"elementor-widget-container\">\n\t\t\t\t\t\t\t<p class=\" translation-block\">Die Stiftung Miguel Echauri hatte uns am 6. Februar die M\u00f6glichkeit geboten, seine herrliche Ausstellung in einem spektakul\u00e4ren historischen Barrockgeb\u00e4ude inmitten der Altstadt bewundern zu k\u00f6nnen.<\/p><p>Es wurde eine unvergessliche Kunst-Begegnung im Herzen von Pamplona. Unser F\u00fchrer, der Kurator der Ausstellung, erz\u00e4hlte uns von Leben und Werk des Miguel Echauri und \u00fcbermittelte dessen Leidenschaft und Liebe f\u00fcr Kunst und Kultur.<\/p>\t\t\t\t\t\t<\/div>\n\t\t\t\t<\/div>\n\t\t\t\t\t<\/div>\n\t\t<\/div>\n\t\t\t\t\t\t\t<\/div>\n\t\t<\/section>\n\t\t\t\t\t\t\t<\/div>","protected":false},"excerpt":{"rendered":"<p>Visita a la fundaci\u00f3n Miguel Echauri La Fundacion Miguel Echauri nos brind\u00f3 la posibilidad de disfrutar\u00a0de su\u00a0espl\u00e9ndida exposici\u00f3n\u00a0el d\u00eda 6 de febrero\u00a0en su espectacular sede en el hist\u00f3rico edificio barroco [&hellip;]<\/p>","protected":false},"author":1,"featured_media":0,"parent":0,"menu_order":0,"comment_status":"closed","ping_status":"closed","template":"","meta":{"_seopress_robots_primary_cat":"","site-sidebar-layout":"no-sidebar","site-content-layout":"page-builder","ast-site-content-layout":"full-width-container","site-content-style":"default","site-sidebar-style":"default","ast-global-header-display":"","ast-banner-title-visibility":"","ast-main-header-display":"","ast-hfb-above-header-display":"","ast-hfb-below-header-display":"","ast-hfb-mobile-header-display":"","site-post-title":"disabled","ast-breadcrumbs-content":"","ast-featured-img":"disabled","footer-sml-layout":"","theme-transparent-header-meta":"","adv-header-id-meta":"","stick-header-meta":"","header-above-stick-meta":"","header-main-stick-meta":"","header-below-stick-meta":"","astra-migrate-meta-layouts":"set","ast-page-background-enabled":"default","ast-page-background-meta":{"desktop":{"background-color":"","background-image":"","background-repeat":"repeat","background-position":"center center","background-size":"auto","background-attachment":"scroll","background-type":"","background-media":"","overlay-type":"","overlay-color":"","overlay-opacity":"","overlay-gradient":""},"tablet":{"background-color":"","background-image":"","background-repeat":"repeat","background-position":"center center","background-size":"auto","background-attachment":"scroll","background-type":"","background-media":"","overlay-type":"","overlay-color":"","overlay-opacity":"","overlay-gradient":""},"mobile":{"background-color":"","background-image":"","background-repeat":"repeat","background-position":"center center","background-size":"auto","background-attachment":"scroll","background-type":"","background-media":"","overlay-type":"","overlay-color":"","overlay-opacity":"","overlay-gradient":""}},"ast-content-background-meta":{"desktop":{"background-color":"var(--ast-global-color-5)","background-image":"","background-repeat":"repeat","background-position":"center center","background-size":"auto","background-attachment":"scroll","background-type":"","background-media":"","overlay-type":"","overlay-color":"","overlay-opacity":"","overlay-gradient":""},"tablet":{"background-color":"var(--ast-global-color-5)","background-image":"","background-repeat":"repeat","background-position":"center center","background-size":"auto","background-attachment":"scroll","background-type":"","background-media":"","overlay-type":"","overlay-color":"","overlay-opacity":"","overlay-gradient":""},"mobile":{"background-color":"var(--ast-global-color-5)","background-image":"","background-repeat":"repeat","background-position":"center center","background-size":"auto","background-attachment":"scroll","background-type":"","background-media":"","overlay-type":"","overlay-color":"","overlay-opacity":"","overlay-gradient":""}},"footnotes":""},"class_list":["post-4657","page","type-page","status-publish","hentry"],"jetpack_sharing_enabled":true,"_links":{"self":[{"href":"https:\/\/sociedadhispanoalemana.com\/de\/wp-json\/wp\/v2\/pages\/4657","targetHints":{"allow":["GET"]}}],"collection":[{"href":"https:\/\/sociedadhispanoalemana.com\/de\/wp-json\/wp\/v2\/pages"}],"about":[{"href":"https:\/\/sociedadhispanoalemana.com\/de\/wp-json\/wp\/v2\/types\/page"}],"author":[{"embeddable":true,"href":"https:\/\/sociedadhispanoalemana.com\/de\/wp-json\/wp\/v2\/users\/1"}],"replies":[{"embeddable":true,"href":"https:\/\/sociedadhispanoalemana.com\/de\/wp-json\/wp\/v2\/comments?post=4657"}],"version-history":[{"count":4,"href":"https:\/\/sociedadhispanoalemana.com\/de\/wp-json\/wp\/v2\/pages\/4657\/revisions"}],"predecessor-version":[{"id":4667,"href":"https:\/\/sociedadhispanoalemana.com\/de\/wp-json\/wp\/v2\/pages\/4657\/revisions\/4667"}],"wp:attachment":[{"href":"https:\/\/sociedadhispanoalemana.com\/de\/wp-json\/wp\/v2\/media?parent=4657"}],"curies":[{"name":"wp","href":"https:\/\/api.w.org\/{rel}","templated":true}]}}

Visita a la fundación Miguel Echauri

<div data-elementor-type="wp-page" data-elementor-id="4657" class="elementor elementor-4657" data-elementor-post-type="page">
									<section class="elementor-section elementor-top-section elementor-element elementor-element-c010dc1 elementor-section-boxed elementor-section-height-default elementor-section-height-default" data-id="c010dc1" data-element_type="section">
						<div class="elementor-container elementor-column-gap-default">
					<div class="elementor-column elementor-col-100 elementor-top-column elementor-element elementor-element-e3291a0" data-id="e3291a0" data-element_type="column">
			<div class="elementor-widget-wrap elementor-element-populated">
								<div class="elementor-element elementor-element-2c51f47 elementor-widget elementor-widget-heading" data-id="2c51f47" data-element_type="widget" data-widget_type="heading.default">
				<div class="elementor-widget-container">
			<h2 class="elementor-heading-title elementor-size-default"><b>Visita a la fundación Miguel Echauri</b></h2>		</div>
				</div>
					</div>
		</div>
							</div>
		</section>
				<section class="elementor-section elementor-top-section elementor-element elementor-element-ab6ca14 elementor-section-boxed elementor-section-height-default elementor-section-height-default" data-id="ab6ca14" data-element_type="section">
						<div class="elementor-container elementor-column-gap-default">
					<div class="elementor-column elementor-col-33 elementor-top-column elementor-element elementor-element-eee4fed" data-id="eee4fed" data-element_type="column">
			<div class="elementor-widget-wrap elementor-element-populated">
								<div class="elementor-element elementor-element-bd777e4 elementor-widget elementor-widget-image" data-id="bd777e4" data-element_type="widget" data-widget_type="image.default">
				<div class="elementor-widget-container">
															<img loading="lazy" decoding="async" width="296" height="300" src="https://sociedadhispanoalemana.com/wp-content/uploads/2021/01/fund-296x300.png" class="attachment-medium size-medium wp-image-650" alt="" srcset="https://sociedadhispanoalemana.com/wp-content/uploads/2021/01/fund-296x300.png 296w, https://sociedadhispanoalemana.com/wp-content/uploads/2021/01/fund.png 664w" sizes="auto, (max-width: 296px) 100vw, 296px" />															</div>
				</div>
					</div>
		</div>
				<div class="elementor-column elementor-col-66 elementor-top-column elementor-element elementor-element-9876413" data-id="9876413" data-element_type="column">
			<div class="elementor-widget-wrap elementor-element-populated">
								<div class="elementor-element elementor-element-0b6245d elementor-widget elementor-widget-text-editor" data-id="0b6245d" data-element_type="widget" data-widget_type="text-editor.default">
				<div class="elementor-widget-container">
							<p class=" translation-block">Die Stiftung Miguel Echauri hatte uns am 6. Februar die Möglichkeit geboten, seine herrliche Ausstellung in einem spektakulären historischen Barrockgebäude inmitten der Altstadt bewundern zu können.</p><p>Es wurde eine unvergessliche Kunst-Begegnung im Herzen von Pamplona. Unser Führer, der Kurator der Ausstellung, erzählte uns von Leben und Werk des Miguel Echauri und übermittelte dessen Leidenschaft und Liebe für Kunst und Kultur.</p>						</div>
				</div>
					</div>
		</div>
							</div>
		</section>
							</div>

<p>Visita a la fundación Miguel Echauri La Fundacion Miguel Echauri nos brindó la posibilidad de disfrutar de su espléndida exposición el día 6 de febrero en su espectacular sede en el histórico edificio barroco [&hellip;]</p>
