{"id":4784,"date":"2025-04-05T10:41:09","date_gmt":"2025-04-05T10:41:09","guid":{"rendered":"https:\/\/sociedadhispanoalemana.com\/?page_id=4784"},"modified":"2025-04-12T16:21:10","modified_gmt":"2025-04-12T16:21:10","slug":"irene-strobl-vicepresidenta","status":"publish","type":"page","link":"https:\/\/sociedadhispanoalemana.com\/de\/irene-strobl-vicepresidenta","title":{"rendered":"Irene strobl, vicepresidenta"},"content":{"rendered":"<div data-elementor-type=\"wp-page\" data-elementor-id=\"4784\" class=\"elementor elementor-4784\" data-elementor-post-type=\"page\">\n\t\t\t\t\t\t\t\t\t<section class=\"elementor-section elementor-top-section elementor-element elementor-element-29a5507 elementor-section-boxed elementor-section-height-default elementor-section-height-default\" data-id=\"29a5507\" data-element_type=\"section\">\n\t\t\t\t\t\t<div class=\"elementor-container elementor-column-gap-default\">\n\t\t\t\t\t<div class=\"elementor-column elementor-col-100 elementor-top-column elementor-element elementor-element-930b280\" data-id=\"930b280\" data-element_type=\"column\">\n\t\t\t<div class=\"elementor-widget-wrap elementor-element-populated\">\n\t\t\t\t\t\t\t\t<div class=\"elementor-element elementor-element-61986a2 elementor-widget elementor-widget-heading\" data-id=\"61986a2\" data-element_type=\"widget\" data-widget_type=\"heading.default\">\n\t\t\t\t<div class=\"elementor-widget-container\">\n\t\t\t<h2 class=\"elementor-heading-title elementor-size-default\"><b>Irene Strobl, Vicepresidenta<\/b><\/h2>\t\t<\/div>\n\t\t\t\t<\/div>\n\t\t\t\t\t<\/div>\n\t\t<\/div>\n\t\t\t\t\t\t\t<\/div>\n\t\t<\/section>\n\t\t\t\t<section class=\"elementor-section elementor-top-section elementor-element elementor-element-480f9e9 elementor-section-boxed elementor-section-height-default elementor-section-height-default\" data-id=\"480f9e9\" data-element_type=\"section\">\n\t\t\t\t\t\t<div class=\"elementor-container elementor-column-gap-default\">\n\t\t\t\t\t<div class=\"elementor-column elementor-col-50 elementor-top-column elementor-element elementor-element-2ff767a\" data-id=\"2ff767a\" data-element_type=\"column\">\n\t\t\t<div class=\"elementor-widget-wrap elementor-element-populated\">\n\t\t\t\t\t\t\t\t<div class=\"elementor-element elementor-element-99018c2 elementor-widget elementor-widget-text-editor\" data-id=\"99018c2\" data-element_type=\"widget\" data-widget_type=\"text-editor.default\">\n\t\t\t\t<div class=\"elementor-widget-container\">\n\t\t\t\t\t\t\t<p>Miembro de la Sociedad Hispano-Alemana desde sus inicios y desde 2014 vocal de la Junta Directiva de la Sociedad. Sustituyo a Cristina Doria como Vicepresidenta de la Sociedad en 2017.<\/p>\n<p>Socia fundadora de <strong>Centro Linden Sprachen<\/strong>, especializado en la ense\u00f1anza de alem\u00e1n y espa\u00f1ol para extranjeros y centro examinador oficial del Goethe Institut y del Instituto Cervantes, aporta su experiencia en la difusi\u00f3n de las lenguas y culturas alemana y espa\u00f1ola, participando en diversos proyectos escolares y de intercambio de la Sociedad.<\/p>\t\t\t\t\t\t<\/div>\n\t\t\t\t<\/div>\n\t\t\t\t\t<\/div>\n\t\t<\/div>\n\t\t\t\t<div class=\"elementor-column elementor-col-25 elementor-top-column elementor-element elementor-element-a67c72d\" data-id=\"a67c72d\" data-element_type=\"column\">\n\t\t\t<div class=\"elementor-widget-wrap elementor-element-populated\">\n\t\t\t\t\t\t\t\t<div class=\"elementor-element elementor-element-7d767d4 elementor-widget elementor-widget-image\" data-id=\"7d767d4\" data-element_type=\"widget\" data-widget_type=\"image.default\">\n\t\t\t\t<div class=\"elementor-widget-container\">\n\t\t\t\t\t\t\t\t\t\t\t\t\t\t\t<img loading=\"lazy\" decoding=\"async\" width=\"240\" height=\"300\" src=\"https:\/\/sociedadhispanoalemana.com\/wp-content\/uploads\/2021\/02\/Irene-Strobl-SHANE-240x300.jpg\" class=\"attachment-medium size-medium wp-image-1723\" alt=\"\" srcset=\"https:\/\/sociedadhispanoalemana.com\/wp-content\/uploads\/2021\/02\/Irene-Strobl-SHANE-240x300.jpg 240w, https:\/\/sociedadhispanoalemana.com\/wp-content\/uploads\/2021\/02\/Irene-Strobl-SHANE-10x12.jpg 10w, https:\/\/sociedadhispanoalemana.com\/wp-content\/uploads\/2021\/02\/Irene-Strobl-SHANE.jpg 261w\" sizes=\"auto, (max-width: 240px) 100vw, 240px\" \/>\t\t\t\t\t\t\t\t\t\t\t\t\t\t\t<\/div>\n\t\t\t\t<\/div>\n\t\t\t\t\t<\/div>\n\t\t<\/div>\n\t\t\t\t<div class=\"elementor-column elementor-col-25 elementor-top-column elementor-element elementor-element-813cd44\" data-id=\"813cd44\" data-element_type=\"column\">\n\t\t\t<div class=\"elementor-widget-wrap elementor-element-populated\">\n\t\t\t\t\t\t\t\t<div class=\"elementor-element elementor-element-c2c5ad9 elementor-widget elementor-widget-spacer\" data-id=\"c2c5ad9\" data-element_type=\"widget\" data-widget_type=\"spacer.default\">\n\t\t\t\t<div class=\"elementor-widget-container\">\n\t\t\t\t\t<div class=\"elementor-spacer\">\n\t\t\t<div class=\"elementor-spacer-inner\"><\/div>\n\t\t<\/div>\n\t\t\t\t<\/div>\n\t\t\t\t<\/div>\n\t\t\t\t\t<\/div>\n\t\t<\/div>\n\t\t\t\t\t\t\t<\/div>\n\t\t<\/section>\n\t\t\t\t\t\t\t<\/div>","protected":false},"excerpt":{"rendered":"<p>Irene Strobl, Vicepresidenta Miembro de la Sociedad Hispano-Alemana desde sus inicios y desde 2014 vocal de la Junta Directiva de la Sociedad. Sustituyo a Cristina Doria como Vicepresidenta de la [&hellip;]<\/p>","protected":false},"author":1,"featured_media":0,"parent":0,"menu_order":0,"comment_status":"closed","ping_status":"closed","template":"","meta":{"_seopress_robots_primary_cat":"","site-sidebar-layout":"no-sidebar","site-content-layout":"page-builder","ast-site-content-layout":"full-width-container","site-content-style":"default","site-sidebar-style":"default","ast-global-header-display":"","ast-banner-title-visibility":"","ast-main-header-display":"","ast-hfb-above-header-display":"","ast-hfb-below-header-display":"","ast-hfb-mobile-header-display":"","site-post-title":"disabled","ast-breadcrumbs-content":"","ast-featured-img":"disabled","footer-sml-layout":"","theme-transparent-header-meta":"","adv-header-id-meta":"","stick-header-meta":"","header-above-stick-meta":"","header-main-stick-meta":"","header-below-stick-meta":"","astra-migrate-meta-layouts":"set","ast-page-background-enabled":"default","ast-page-background-meta":{"desktop":{"background-color":"","background-image":"","background-repeat":"repeat","background-position":"center center","background-size":"auto","background-attachment":"scroll","background-type":"","background-media":"","overlay-type":"","overlay-color":"","overlay-opacity":"","overlay-gradient":""},"tablet":{"background-color":"","background-image":"","background-repeat":"repeat","background-position":"center center","background-size":"auto","background-attachment":"scroll","background-type":"","background-media":"","overlay-type":"","overlay-color":"","overlay-opacity":"","overlay-gradient":""},"mobile":{"background-color":"","background-image":"","background-repeat":"repeat","background-position":"center center","background-size":"auto","background-attachment":"scroll","background-type":"","background-media":"","overlay-type":"","overlay-color":"","overlay-opacity":"","overlay-gradient":""}},"ast-content-background-meta":{"desktop":{"background-color":"var(--ast-global-color-5)","background-image":"","background-repeat":"repeat","background-position":"center center","background-size":"auto","background-attachment":"scroll","background-type":"","background-media":"","overlay-type":"","overlay-color":"","overlay-opacity":"","overlay-gradient":""},"tablet":{"background-color":"var(--ast-global-color-5)","background-image":"","background-repeat":"repeat","background-position":"center center","background-size":"auto","background-attachment":"scroll","background-type":"","background-media":"","overlay-type":"","overlay-color":"","overlay-opacity":"","overlay-gradient":""},"mobile":{"background-color":"var(--ast-global-color-5)","background-image":"","background-repeat":"repeat","background-position":"center center","background-size":"auto","background-attachment":"scroll","background-type":"","background-media":"","overlay-type":"","overlay-color":"","overlay-opacity":"","overlay-gradient":""}},"footnotes":""},"class_list":["post-4784","page","type-page","status-publish","hentry"],"jetpack_sharing_enabled":true,"_links":{"self":[{"href":"https:\/\/sociedadhispanoalemana.com\/de\/wp-json\/wp\/v2\/pages\/4784","targetHints":{"allow":["GET"]}}],"collection":[{"href":"https:\/\/sociedadhispanoalemana.com\/de\/wp-json\/wp\/v2\/pages"}],"about":[{"href":"https:\/\/sociedadhispanoalemana.com\/de\/wp-json\/wp\/v2\/types\/page"}],"author":[{"embeddable":true,"href":"https:\/\/sociedadhispanoalemana.com\/de\/wp-json\/wp\/v2\/users\/1"}],"replies":[{"embeddable":true,"href":"https:\/\/sociedadhispanoalemana.com\/de\/wp-json\/wp\/v2\/comments?post=4784"}],"version-history":[{"count":7,"href":"https:\/\/sociedadhispanoalemana.com\/de\/wp-json\/wp\/v2\/pages\/4784\/revisions"}],"predecessor-version":[{"id":4939,"href":"https:\/\/sociedadhispanoalemana.com\/de\/wp-json\/wp\/v2\/pages\/4784\/revisions\/4939"}],"wp:attachment":[{"href":"https:\/\/sociedadhispanoalemana.com\/de\/wp-json\/wp\/v2\/media?parent=4784"}],"curies":[{"name":"wp","href":"https:\/\/api.w.org\/{rel}","templated":true}]}}

<div data-elementor-type="wp-page" data-elementor-id="4784" class="elementor elementor-4784" data-elementor-post-type="page">
									<section class="elementor-section elementor-top-section elementor-element elementor-element-29a5507 elementor-section-boxed elementor-section-height-default elementor-section-height-default" data-id="29a5507" data-element_type="section">
						<div class="elementor-container elementor-column-gap-default">
					<div class="elementor-column elementor-col-100 elementor-top-column elementor-element elementor-element-930b280" data-id="930b280" data-element_type="column">
			<div class="elementor-widget-wrap elementor-element-populated">
								<div class="elementor-element elementor-element-61986a2 elementor-widget elementor-widget-heading" data-id="61986a2" data-element_type="widget" data-widget_type="heading.default">
				<div class="elementor-widget-container">
			<h2 class="elementor-heading-title elementor-size-default"><b>Irene Strobl, Vicepresidenta</b></h2>		</div>
				</div>
					</div>
		</div>
							</div>
		</section>
				<section class="elementor-section elementor-top-section elementor-element elementor-element-480f9e9 elementor-section-boxed elementor-section-height-default elementor-section-height-default" data-id="480f9e9" data-element_type="section">
						<div class="elementor-container elementor-column-gap-default">
					<div class="elementor-column elementor-col-50 elementor-top-column elementor-element elementor-element-2ff767a" data-id="2ff767a" data-element_type="column">
			<div class="elementor-widget-wrap elementor-element-populated">
								<div class="elementor-element elementor-element-99018c2 elementor-widget elementor-widget-text-editor" data-id="99018c2" data-element_type="widget" data-widget_type="text-editor.default">
				<div class="elementor-widget-container">
							<p>Miembro de la Sociedad Hispano-Alemana desde sus inicios y desde 2014 vocal de la Junta Directiva de la Sociedad. Sustituyo a Cristina Doria como Vicepresidenta de la Sociedad en 2017.</p>
<p>Socia fundadora de <strong>Centro Linden Sprachen</strong>, especializado en la enseñanza de alemán y español para extranjeros y centro examinador oficial del Goethe Institut y del Instituto Cervantes, aporta su experiencia en la difusión de las lenguas y culturas alemana y española, participando en diversos proyectos escolares y de intercambio de la Sociedad.</p>						</div>
				</div>
					</div>
		</div>
				<div class="elementor-column elementor-col-25 elementor-top-column elementor-element elementor-element-a67c72d" data-id="a67c72d" data-element_type="column">
			<div class="elementor-widget-wrap elementor-element-populated">
								<div class="elementor-element elementor-element-7d767d4 elementor-widget elementor-widget-image" data-id="7d767d4" data-element_type="widget" data-widget_type="image.default">
				<div class="elementor-widget-container">
															<img loading="lazy" decoding="async" width="240" height="300" src="https://sociedadhispanoalemana.com/wp-content/uploads/2021/02/Irene-Strobl-SHANE-240x300.jpg" class="attachment-medium size-medium wp-image-1723" alt="" srcset="https://sociedadhispanoalemana.com/wp-content/uploads/2021/02/Irene-Strobl-SHANE-240x300.jpg 240w, https://sociedadhispanoalemana.com/wp-content/uploads/2021/02/Irene-Strobl-SHANE-10x12.jpg 10w, https://sociedadhispanoalemana.com/wp-content/uploads/2021/02/Irene-Strobl-SHANE.jpg 261w" sizes="auto, (max-width: 240px) 100vw, 240px" />															</div>
				</div>
					</div>
		</div>
				<div class="elementor-column elementor-col-25 elementor-top-column elementor-element elementor-element-813cd44" data-id="813cd44" data-element_type="column">
			<div class="elementor-widget-wrap elementor-element-populated">
								<div class="elementor-element elementor-element-c2c5ad9 elementor-widget elementor-widget-spacer" data-id="c2c5ad9" data-element_type="widget" data-widget_type="spacer.default">
				<div class="elementor-widget-container">
					<div class="elementor-spacer">
			<div class="elementor-spacer-inner"></div>
		</div>
				</div>
				</div>
					</div>
		</div>
							</div>
		</section>
							</div>
