{"id":4791,"date":"2025-04-05T10:46:04","date_gmt":"2025-04-05T10:46:04","guid":{"rendered":"https:\/\/sociedadhispanoalemana.com\/?page_id=4791"},"modified":"2025-04-05T10:47:57","modified_gmt":"2025-04-05T10:47:57","slug":"ana-drouve-secretaria","status":"publish","type":"page","link":"https:\/\/sociedadhispanoalemana.com\/de\/ana-drouve-secretaria","title":{"rendered":"ana drouve, secretaria"},"content":{"rendered":"<div data-elementor-type=\"wp-page\" data-elementor-id=\"4791\" class=\"elementor elementor-4791\" data-elementor-post-type=\"page\">\n\t\t\t\t\t\t\t\t\t<section class=\"elementor-section elementor-top-section elementor-element elementor-element-d401c13 elementor-section-boxed elementor-section-height-default elementor-section-height-default\" data-id=\"d401c13\" data-element_type=\"section\">\n\t\t\t\t\t\t<div class=\"elementor-container elementor-column-gap-default\">\n\t\t\t\t\t<div class=\"elementor-column elementor-col-100 elementor-top-column elementor-element elementor-element-33d78da\" data-id=\"33d78da\" data-element_type=\"column\">\n\t\t\t<div class=\"elementor-widget-wrap elementor-element-populated\">\n\t\t\t\t\t\t\t\t<div class=\"elementor-element elementor-element-1cc93cf elementor-widget elementor-widget-heading\" data-id=\"1cc93cf\" data-element_type=\"widget\" data-widget_type=\"heading.default\">\n\t\t\t\t<div class=\"elementor-widget-container\">\n\t\t\t<h2 class=\"elementor-heading-title elementor-size-default\"><b>Ana Drouve, Secretaria<\/b><\/h2>\t\t<\/div>\n\t\t\t\t<\/div>\n\t\t\t\t\t<\/div>\n\t\t<\/div>\n\t\t\t\t\t\t\t<\/div>\n\t\t<\/section>\n\t\t\t\t<section class=\"elementor-section elementor-top-section elementor-element elementor-element-8a047d6 elementor-section-boxed elementor-section-height-default elementor-section-height-default\" data-id=\"8a047d6\" data-element_type=\"section\">\n\t\t\t\t\t\t<div class=\"elementor-container elementor-column-gap-default\">\n\t\t\t\t\t<div class=\"elementor-column elementor-col-50 elementor-top-column elementor-element elementor-element-79ff2ed\" data-id=\"79ff2ed\" data-element_type=\"column\">\n\t\t\t<div class=\"elementor-widget-wrap elementor-element-populated\">\n\t\t\t\t\t\t\t\t<div class=\"elementor-element elementor-element-f3c304b elementor-widget elementor-widget-text-editor\" data-id=\"f3c304b\" data-element_type=\"widget\" data-widget_type=\"text-editor.default\">\n\t\t\t\t<div class=\"elementor-widget-container\">\n\t\t\t\t\t\t\t<article class=\"text-token-text-primary w-full\" dir=\"auto\" data-testid=\"conversation-turn-4\" data-scroll-anchor=\"true\"><div class=\"text-base my-auto mx-auto py-5 px-6\"><div class=\"mx-auto flex flex-1 text-base gap-4 md:gap-5 lg:gap-6 md:max-w-3xl lg:max-w-[40rem] xl:max-w-[48rem] group\/turn-messages focus-visible:outline-hidden\" tabindex=\"-1\"><div class=\"group\/conversation-turn relative flex w-full min-w-0 flex-col agent-turn @xs\/thread:px-0 @sm\/thread:px-1.5 @md\/thread:px-4\"><div class=\"relative flex-col gap-1 md:gap-3\"><div class=\"flex max-w-full flex-col grow\"><div class=\"min-h-8 text-message relative flex w-full flex-col items-end gap-2 text-start break-words whitespace-normal [.text-message+&amp;]:mt-5\" dir=\"auto\" data-message-author-role=\"assistant\" data-message-id=\"e8b016eb-2a36-45df-b7c9-ae8c149e3502\" data-message-model-slug=\"gpt-4o\"><div class=\"flex w-full flex-col gap-1 empty:hidden first:pt-[3px]\"><div class=\"markdown prose dark:prose-invert w-full break-words light\"><p class=\"\" data-start=\"83\" data-end=\"471\">Crec\u00ed entre dos lenguas, dos culturas, dos maneras de ver el mundo que, lejos de separarse, siempre han dialogado dentro de m\u00ed. Ese puente invisible entre lo hispano y lo alem\u00e1n es parte de mi identidad y, quiz\u00e1s por eso, formar parte de la Sociedad Hispano Alemana del Norte de Espa\u00f1a (SHANE) es mucho m\u00e1s que un cargo: es una manera de dar forma a ese v\u00ednculo y compartirlo con otros.<\/p><p class=\"\" data-start=\"473\" data-end=\"789\">Desde enero de 2024, como secretaria de la sociedad, contribuyo a crear espacios de encuentro donde la historia, el arte, la lengua y la tradici\u00f3n de ambos pa\u00edses se entrelazan. A trav\u00e9s de nuestras actividades y eventos, buscamos fortalecer esa conexi\u00f3n, construir comunidad y celebrar la riqueza de lo que nos une.<\/p><\/div><\/div><\/div><\/div><\/div><\/div><\/div><\/div><\/article>\t\t\t\t\t\t<\/div>\n\t\t\t\t<\/div>\n\t\t\t\t\t<\/div>\n\t\t<\/div>\n\t\t\t\t<div class=\"elementor-column elementor-col-25 elementor-top-column elementor-element elementor-element-913fa60\" data-id=\"913fa60\" data-element_type=\"column\">\n\t\t\t<div class=\"elementor-widget-wrap elementor-element-populated\">\n\t\t\t\t\t\t\t\t<div class=\"elementor-element elementor-element-aa4cffa elementor-widget elementor-widget-image\" data-id=\"aa4cffa\" data-element_type=\"widget\" data-widget_type=\"image.default\">\n\t\t\t\t<div class=\"elementor-widget-container\">\n\t\t\t\t\t\t\t\t\t\t\t\t\t\t\t<img loading=\"lazy\" decoding=\"async\" width=\"705\" height=\"1024\" src=\"https:\/\/sociedadhispanoalemana.com\/wp-content\/uploads\/2025\/03\/IMG20250224180010-1-705x1024.jpg\" class=\"attachment-large size-large wp-image-4349\" alt=\"\" srcset=\"https:\/\/sociedadhispanoalemana.com\/wp-content\/uploads\/2025\/03\/IMG20250224180010-1-705x1024.jpg 705w, https:\/\/sociedadhispanoalemana.com\/wp-content\/uploads\/2025\/03\/IMG20250224180010-1-scaled-e1743513884710.jpg 207w, https:\/\/sociedadhispanoalemana.com\/wp-content\/uploads\/2025\/03\/IMG20250224180010-1-768x1115.jpg 768w, https:\/\/sociedadhispanoalemana.com\/wp-content\/uploads\/2025\/03\/IMG20250224180010-1-1058x1536.jpg 1058w, https:\/\/sociedadhispanoalemana.com\/wp-content\/uploads\/2025\/03\/IMG20250224180010-1-1411x2048.jpg 1411w, https:\/\/sociedadhispanoalemana.com\/wp-content\/uploads\/2025\/03\/IMG20250224180010-1-8x12.jpg 8w\" sizes=\"auto, (max-width: 705px) 100vw, 705px\" \/>\t\t\t\t\t\t\t\t\t\t\t\t\t\t\t<\/div>\n\t\t\t\t<\/div>\n\t\t\t\t\t<\/div>\n\t\t<\/div>\n\t\t\t\t<div class=\"elementor-column elementor-col-25 elementor-top-column elementor-element elementor-element-7ee3279\" data-id=\"7ee3279\" data-element_type=\"column\">\n\t\t\t<div class=\"elementor-widget-wrap elementor-element-populated\">\n\t\t\t\t\t\t\t\t<div class=\"elementor-element elementor-element-965d5a7 elementor-widget elementor-widget-spacer\" data-id=\"965d5a7\" data-element_type=\"widget\" data-widget_type=\"spacer.default\">\n\t\t\t\t<div class=\"elementor-widget-container\">\n\t\t\t\t\t<div class=\"elementor-spacer\">\n\t\t\t<div class=\"elementor-spacer-inner\"><\/div>\n\t\t<\/div>\n\t\t\t\t<\/div>\n\t\t\t\t<\/div>\n\t\t\t\t\t<\/div>\n\t\t<\/div>\n\t\t\t\t\t\t\t<\/div>\n\t\t<\/section>\n\t\t\t\t\t\t\t<\/div>","protected":false},"excerpt":{"rendered":"<p>Ana Drouve, Secretaria Crec\u00ed entre dos lenguas, dos culturas, dos maneras de ver el mundo que, lejos de separarse, siempre han dialogado dentro de m\u00ed. Ese puente invisible entre lo [&hellip;]<\/p>","protected":false},"author":1,"featured_media":0,"parent":0,"menu_order":0,"comment_status":"closed","ping_status":"closed","template":"","meta":{"_seopress_robots_primary_cat":"","site-sidebar-layout":"no-sidebar","site-content-layout":"page-builder","ast-site-content-layout":"full-width-container","site-content-style":"default","site-sidebar-style":"default","ast-global-header-display":"","ast-banner-title-visibility":"","ast-main-header-display":"","ast-hfb-above-header-display":"","ast-hfb-below-header-display":"","ast-hfb-mobile-header-display":"","site-post-title":"disabled","ast-breadcrumbs-content":"","ast-featured-img":"disabled","footer-sml-layout":"","theme-transparent-header-meta":"","adv-header-id-meta":"","stick-header-meta":"","header-above-stick-meta":"","header-main-stick-meta":"","header-below-stick-meta":"","astra-migrate-meta-layouts":"set","ast-page-background-enabled":"default","ast-page-background-meta":{"desktop":{"background-color":"","background-image":"","background-repeat":"repeat","background-position":"center center","background-size":"auto","background-attachment":"scroll","background-type":"","background-media":"","overlay-type":"","overlay-color":"","overlay-opacity":"","overlay-gradient":""},"tablet":{"background-color":"","background-image":"","background-repeat":"repeat","background-position":"center center","background-size":"auto","background-attachment":"scroll","background-type":"","background-media":"","overlay-type":"","overlay-color":"","overlay-opacity":"","overlay-gradient":""},"mobile":{"background-color":"","background-image":"","background-repeat":"repeat","background-position":"center center","background-size":"auto","background-attachment":"scroll","background-type":"","background-media":"","overlay-type":"","overlay-color":"","overlay-opacity":"","overlay-gradient":""}},"ast-content-background-meta":{"desktop":{"background-color":"var(--ast-global-color-5)","background-image":"","background-repeat":"repeat","background-position":"center center","background-size":"auto","background-attachment":"scroll","background-type":"","background-media":"","overlay-type":"","overlay-color":"","overlay-opacity":"","overlay-gradient":""},"tablet":{"background-color":"var(--ast-global-color-5)","background-image":"","background-repeat":"repeat","background-position":"center center","background-size":"auto","background-attachment":"scroll","background-type":"","background-media":"","overlay-type":"","overlay-color":"","overlay-opacity":"","overlay-gradient":""},"mobile":{"background-color":"var(--ast-global-color-5)","background-image":"","background-repeat":"repeat","background-position":"center center","background-size":"auto","background-attachment":"scroll","background-type":"","background-media":"","overlay-type":"","overlay-color":"","overlay-opacity":"","overlay-gradient":""}},"footnotes":""},"class_list":["post-4791","page","type-page","status-publish","hentry"],"jetpack_sharing_enabled":true,"_links":{"self":[{"href":"https:\/\/sociedadhispanoalemana.com\/de\/wp-json\/wp\/v2\/pages\/4791","targetHints":{"allow":["GET"]}}],"collection":[{"href":"https:\/\/sociedadhispanoalemana.com\/de\/wp-json\/wp\/v2\/pages"}],"about":[{"href":"https:\/\/sociedadhispanoalemana.com\/de\/wp-json\/wp\/v2\/types\/page"}],"author":[{"embeddable":true,"href":"https:\/\/sociedadhispanoalemana.com\/de\/wp-json\/wp\/v2\/users\/1"}],"replies":[{"embeddable":true,"href":"https:\/\/sociedadhispanoalemana.com\/de\/wp-json\/wp\/v2\/comments?post=4791"}],"version-history":[{"count":4,"href":"https:\/\/sociedadhispanoalemana.com\/de\/wp-json\/wp\/v2\/pages\/4791\/revisions"}],"predecessor-version":[{"id":4797,"href":"https:\/\/sociedadhispanoalemana.com\/de\/wp-json\/wp\/v2\/pages\/4791\/revisions\/4797"}],"wp:attachment":[{"href":"https:\/\/sociedadhispanoalemana.com\/de\/wp-json\/wp\/v2\/media?parent=4791"}],"curies":[{"name":"wp","href":"https:\/\/api.w.org\/{rel}","templated":true}]}}

<div data-elementor-type="wp-page" data-elementor-id="4791" class="elementor elementor-4791" data-elementor-post-type="page">
									<section class="elementor-section elementor-top-section elementor-element elementor-element-d401c13 elementor-section-boxed elementor-section-height-default elementor-section-height-default" data-id="d401c13" data-element_type="section">
						<div class="elementor-container elementor-column-gap-default">
					<div class="elementor-column elementor-col-100 elementor-top-column elementor-element elementor-element-33d78da" data-id="33d78da" data-element_type="column">
			<div class="elementor-widget-wrap elementor-element-populated">
								<div class="elementor-element elementor-element-1cc93cf elementor-widget elementor-widget-heading" data-id="1cc93cf" data-element_type="widget" data-widget_type="heading.default">
				<div class="elementor-widget-container">
			<h2 class="elementor-heading-title elementor-size-default"><b>Ana Drouve, Secretaria</b></h2>		</div>
				</div>
					</div>
		</div>
							</div>
		</section>
				<section class="elementor-section elementor-top-section elementor-element elementor-element-8a047d6 elementor-section-boxed elementor-section-height-default elementor-section-height-default" data-id="8a047d6" data-element_type="section">
						<div class="elementor-container elementor-column-gap-default">
					<div class="elementor-column elementor-col-50 elementor-top-column elementor-element elementor-element-79ff2ed" data-id="79ff2ed" data-element_type="column">
			<div class="elementor-widget-wrap elementor-element-populated">
								<div class="elementor-element elementor-element-f3c304b elementor-widget elementor-widget-text-editor" data-id="f3c304b" data-element_type="widget" data-widget_type="text-editor.default">
				<div class="elementor-widget-container">
							<article class="text-token-text-primary w-full" dir="auto" data-testid="conversation-turn-4" data-scroll-anchor="true"><div class="text-base my-auto mx-auto py-5 px-6"><div class="mx-auto flex flex-1 text-base gap-4 md:gap-5 lg:gap-6 md:max-w-3xl lg:max-w-[40rem] xl:max-w-[48rem] group/turn-messages focus-visible:outline-hidden" tabindex="-1"><div class="group/conversation-turn relative flex w-full min-w-0 flex-col agent-turn @xs/thread:px-0 @sm/thread:px-1.5 @md/thread:px-4"><div class="relative flex-col gap-1 md:gap-3"><div class="flex max-w-full flex-col grow"><div class="min-h-8 text-message relative flex w-full flex-col items-end gap-2 text-start break-words whitespace-normal [.text-message+&amp;]:mt-5" dir="auto" data-message-author-role="assistant" data-message-id="e8b016eb-2a36-45df-b7c9-ae8c149e3502" data-message-model-slug="gpt-4o"><div class="flex w-full flex-col gap-1 empty:hidden first:pt-[3px]"><div class="markdown prose dark:prose-invert w-full break-words light"><p class="" data-start="83" data-end="471">Crecí entre dos lenguas, dos culturas, dos maneras de ver el mundo que, lejos de separarse, siempre han dialogado dentro de mí. Ese puente invisible entre lo hispano y lo alemán es parte de mi identidad y, quizás por eso, formar parte de la Sociedad Hispano Alemana del Norte de España (SHANE) es mucho más que un cargo: es una manera de dar forma a ese vínculo y compartirlo con otros.</p><p class="" data-start="473" data-end="789">Desde enero de 2024, como secretaria de la sociedad, contribuyo a crear espacios de encuentro donde la historia, el arte, la lengua y la tradición de ambos países se entrelazan. A través de nuestras actividades y eventos, buscamos fortalecer esa conexión, construir comunidad y celebrar la riqueza de lo que nos une.</p></div></div></div></div></div></div></div></div></article>						</div>
				</div>
					</div>
		</div>
				<div class="elementor-column elementor-col-25 elementor-top-column elementor-element elementor-element-913fa60" data-id="913fa60" data-element_type="column">
			<div class="elementor-widget-wrap elementor-element-populated">
								<div class="elementor-element elementor-element-aa4cffa elementor-widget elementor-widget-image" data-id="aa4cffa" data-element_type="widget" data-widget_type="image.default">
				<div class="elementor-widget-container">
															<img loading="lazy" decoding="async" width="705" height="1024" src="https://sociedadhispanoalemana.com/wp-content/uploads/2025/03/IMG20250224180010-1-705x1024.jpg" class="attachment-large size-large wp-image-4349" alt="" srcset="https://sociedadhispanoalemana.com/wp-content/uploads/2025/03/IMG20250224180010-1-705x1024.jpg 705w, https://sociedadhispanoalemana.com/wp-content/uploads/2025/03/IMG20250224180010-1-scaled-e1743513884710.jpg 207w, https://sociedadhispanoalemana.com/wp-content/uploads/2025/03/IMG20250224180010-1-768x1115.jpg 768w, https://sociedadhispanoalemana.com/wp-content/uploads/2025/03/IMG20250224180010-1-1058x1536.jpg 1058w, https://sociedadhispanoalemana.com/wp-content/uploads/2025/03/IMG20250224180010-1-1411x2048.jpg 1411w, https://sociedadhispanoalemana.com/wp-content/uploads/2025/03/IMG20250224180010-1-8x12.jpg 8w" sizes="auto, (max-width: 705px) 100vw, 705px" />															</div>
				</div>
					</div>
		</div>
				<div class="elementor-column elementor-col-25 elementor-top-column elementor-element elementor-element-7ee3279" data-id="7ee3279" data-element_type="column">
			<div class="elementor-widget-wrap elementor-element-populated">
								<div class="elementor-element elementor-element-965d5a7 elementor-widget elementor-widget-spacer" data-id="965d5a7" data-element_type="widget" data-widget_type="spacer.default">
				<div class="elementor-widget-container">
					<div class="elementor-spacer">
			<div class="elementor-spacer-inner"></div>
		</div>
				</div>
				</div>
					</div>
		</div>
							</div>
		</section>
							</div>

<p>Ana Drouve, Secretaria Crecí entre dos lenguas, dos culturas, dos maneras de ver el mundo que, lejos de separarse, siempre han dialogado dentro de mí. Ese puente invisible entre lo [&hellip;]</p>
