{"id":5178,"date":"2025-05-03T16:55:18","date_gmt":"2025-05-03T16:55:18","guid":{"rendered":"https:\/\/sociedadhispanoalemana.com\/?post_type=tribe_events&#038;p=5178"},"modified":"2025-05-03T16:58:17","modified_gmt":"2025-05-03T16:58:17","slug":"cine-neubau","status":"publish","type":"tribe_events","link":"https:\/\/sociedadhispanoalemana.com\/de\/agenda\/cine-neubau","title":{"rendered":"Cine: Neubau"},"content":{"rendered":"<p><span class=\"OYPEnA font-feature-liga-off font-feature-clig-off font-feature-calt-off text-decoration-none text-strikethrough-none\">Dir. Johannes Maria Schmit | Alemania, 2020 | 82 min<\/span><\/p>\n<p><span class=\"OYPEnA font-feature-liga-off font-feature-clig-off font-feature-calt-off text-decoration-none text-strikethrough-none\">En la provincia de Brandeburgo, Markus se debate entre el amor por sus abuelas necesitadas de cuidados -una de ellas con demencia- y su anhelo de autodeterminaci\u00f3n urbana en Berl\u00edn. La mayor parte del tiempo, abandonado a sus preocupaciones, sue\u00f1a despierto con una multitud de demonios que act\u00faan como presagios de una familia urbana electiva. Cuando el t\u00e9cnico vietnamita Duc entra en su vida, las cosas se complican, y Markus tiene que decidir si quedarse o partir&#8230;<\/span><\/p>\n<p>&#8211;<\/p>\n<p class=\"\" data-start=\"0\" data-end=\"58\">Regie: Johannes Maria Schmit | Deutschland, 2020 | 82 Min.<\/p>\n<p class=\"\" data-start=\"60\" data-end=\"529\">In der brandenburgischen Provinz steht Markus zwischen der Liebe zu seinen pflegebed\u00fcrftigen Gro\u00dfm\u00fcttern \u2013 eine von ihnen dement \u2013 und seinem Wunsch nach einem selbstbestimmten Leben in Berlin. Meistens allein mit seinen Sorgen, verliert er sich in Tagtr\u00e4umen voller D\u00e4monen, die wie Vorboten einer urbanen Wahlfamilie erscheinen. Als der vietnamesische Techniker Duc in sein Leben tritt, wird alles komplizierter, und Markus muss entscheiden, ob er bleibt oder geht&#8230;<\/p>\n","protected":false},"excerpt":{"rendered":"<p>Dir. Johannes Maria Schmit | Alemania, 2020 | 82 min En la provincia de Brandeburgo, Markus se debate entre el amor por sus abuelas necesitadas de cuidados -una de ellas [&hellip;]<\/p>\n","protected":false},"author":1,"featured_media":5183,"comment_status":"open","ping_status":"closed","template":"","meta":{"_seopress_robots_primary_cat":"","site-sidebar-layout":"default","site-content-layout":"","ast-site-content-layout":"default","site-content-style":"default","site-sidebar-style":"default","ast-global-header-display":"","ast-banner-title-visibility":"","ast-main-header-display":"","ast-hfb-above-header-display":"","ast-hfb-below-header-display":"","ast-hfb-mobile-header-display":"","site-post-title":"","ast-breadcrumbs-content":"","ast-featured-img":"","footer-sml-layout":"","theme-transparent-header-meta":"default","adv-header-id-meta":"","stick-header-meta":"","header-above-stick-meta":"","header-main-stick-meta":"","header-below-stick-meta":"","astra-migrate-meta-layouts":"set","ast-page-background-enabled":"default","ast-page-background-meta":{"desktop":{"background-color":"","background-image":"","background-repeat":"repeat","background-position":"center center","background-size":"auto","background-attachment":"scroll","background-type":"","background-media":"","overlay-type":"","overlay-color":"","overlay-opacity":"","overlay-gradient":""},"tablet":{"background-color":"","background-image":"","background-repeat":"repeat","background-position":"center center","background-size":"auto","background-attachment":"scroll","background-type":"","background-media":"","overlay-type":"","overlay-color":"","overlay-opacity":"","overlay-gradient":""},"mobile":{"background-color":"","background-image":"","background-repeat":"repeat","background-position":"center center","background-size":"auto","background-attachment":"scroll","background-type":"","background-media":"","overlay-type":"","overlay-color":"","overlay-opacity":"","overlay-gradient":""}},"ast-content-background-meta":{"desktop":{"background-color":"var(--ast-global-color-5)","background-image":"","background-repeat":"repeat","background-position":"center center","background-size":"auto","background-attachment":"scroll","background-type":"","background-media":"","overlay-type":"","overlay-color":"","overlay-opacity":"","overlay-gradient":""},"tablet":{"background-color":"var(--ast-global-color-5)","background-image":"","background-repeat":"repeat","background-position":"center center","background-size":"auto","background-attachment":"scroll","background-type":"","background-media":"","overlay-type":"","overlay-color":"","overlay-opacity":"","overlay-gradient":""},"mobile":{"background-color":"var(--ast-global-color-5)","background-image":"","background-repeat":"repeat","background-position":"center center","background-size":"auto","background-attachment":"scroll","background-type":"","background-media":"","overlay-type":"","overlay-color":"","overlay-opacity":"","overlay-gradient":""}},"_tribe_events_status":"","_tribe_events_status_reason":"","footnotes":""},"tags":[],"tribe_events_cat":[108],"class_list":["post-5178","tribe_events","type-tribe_events","status-publish","has-post-thumbnail","hentry","tribe_events_cat-ciclo-de-cine-aleman","cat_ciclo-de-cine-aleman"],"jetpack_sharing_enabled":true,"_links":{"self":[{"href":"https:\/\/sociedadhispanoalemana.com\/de\/wp-json\/wp\/v2\/tribe_events\/5178","targetHints":{"allow":["GET"]}}],"collection":[{"href":"https:\/\/sociedadhispanoalemana.com\/de\/wp-json\/wp\/v2\/tribe_events"}],"about":[{"href":"https:\/\/sociedadhispanoalemana.com\/de\/wp-json\/wp\/v2\/types\/tribe_events"}],"author":[{"embeddable":true,"href":"https:\/\/sociedadhispanoalemana.com\/de\/wp-json\/wp\/v2\/users\/1"}],"replies":[{"embeddable":true,"href":"https:\/\/sociedadhispanoalemana.com\/de\/wp-json\/wp\/v2\/comments?post=5178"}],"version-history":[{"count":1,"href":"https:\/\/sociedadhispanoalemana.com\/de\/wp-json\/wp\/v2\/tribe_events\/5178\/revisions"}],"predecessor-version":[{"id":5181,"href":"https:\/\/sociedadhispanoalemana.com\/de\/wp-json\/wp\/v2\/tribe_events\/5178\/revisions\/5181"}],"wp:featuredmedia":[{"embeddable":true,"href":"https:\/\/sociedadhispanoalemana.com\/de\/wp-json\/wp\/v2\/media\/5183"}],"wp:attachment":[{"href":"https:\/\/sociedadhispanoalemana.com\/de\/wp-json\/wp\/v2\/media?parent=5178"}],"wp:term":[{"taxonomy":"post_tag","embeddable":true,"href":"https:\/\/sociedadhispanoalemana.com\/de\/wp-json\/wp\/v2\/tags?post=5178"},{"taxonomy":"tribe_events_cat","embeddable":true,"href":"https:\/\/sociedadhispanoalemana.com\/de\/wp-json\/wp\/v2\/tribe_events_cat?post=5178"}],"curies":[{"name":"wp","href":"https:\/\/api.w.org\/{rel}","templated":true}]}}

<p><span class="OYPEnA font-feature-liga-off font-feature-clig-off font-feature-calt-off text-decoration-none text-strikethrough-none">Dir. Johannes Maria Schmit | Alemania, 2020 | 82 min</span></p>
<p><span class="OYPEnA font-feature-liga-off font-feature-clig-off font-feature-calt-off text-decoration-none text-strikethrough-none">En la provincia de Brandeburgo, Markus se debate entre el amor por sus abuelas necesitadas de cuidados -una de ellas con demencia- y su anhelo de autodeterminación urbana en Berlín. La mayor parte del tiempo, abandonado a sus preocupaciones, sueña despierto con una multitud de demonios que actúan como presagios de una familia urbana electiva. Cuando el técnico vietnamita Duc entra en su vida, las cosas se complican, y Markus tiene que decidir si quedarse o partir&#8230;</span></p>
<p>&#8211;</p>
<p class="" data-start="0" data-end="58">Regie: Johannes Maria Schmit | Deutschland, 2020 | 82 Min.</p>
<p class="" data-start="60" data-end="529">In der brandenburgischen Provinz steht Markus zwischen der Liebe zu seinen pflegebedürftigen Großmüttern – eine von ihnen dement – und seinem Wunsch nach einem selbstbestimmten Leben in Berlin. Meistens allein mit seinen Sorgen, verliert er sich in Tagträumen voller Dämonen, die wie Vorboten einer urbanen Wahlfamilie erscheinen. Als der vietnamesische Techniker Duc in sein Leben tritt, wird alles komplizierter, und Markus muss entscheiden, ob er bleibt oder geht&#8230;</p>
